CRAN Package Check Results for Package EffectsRelBaseline

Last updated on 2022-01-20 03:55:27 CET.

Flavor Version Tinstall Tcheck Ttotal Status Flags
r-devel-linux-x86_64-debian-clang 0.5 NOTE
r-devel-linux-x86_64-debian-gcc 0.5 1.40 24.38 25.78 NOTE
r-devel-linux-x86_64-fedora-clang 0.5 41.15 NOTE
r-devel-linux-x86_64-fedora-gcc 0.5 30.12 NOTE
r-devel-windows-x86_64-new-UL 0.5 76.00 56.00 132.00 NOTE
r-devel-windows-x86_64-new-TK 0.5 NOTE
r-patched-linux-x86_64 0.5 2.04 29.84 31.88 NOTE
r-release-linux-x86_64 0.5 NOTE
r-release-macos-arm64 0.5 NOTE
r-release-macos-x86_64 0.5 NOTE
r-release-windows-ix86+x86_64 0.5 4.00 38.00 42.00 NOTE
r-oldrel-macos-x86_64 0.5 NOTE
r-oldrel-windows-ix86+x86_64 0.5 4.00 39.00 43.00 NOTE

Check Details

Version: 0.5
Check: DESCRIPTION meta-information
Result: NOTE
    Malformed Title field: should not end in a period.
Flavors: r-devel-linux-x86_64-debian-clang, r-devel-linux-x86_64-debian-gcc, r-devel-linux-x86_64-fedora-clang, r-devel-linux-x86_64-fedora-gcc, r-devel-windows-x86_64-new-UL, r-devel-windows-x86_64-new-TK, r-patched-linux-x86_64, r-release-linux-x86_64, r-release-macos-arm64, r-release-macos-x86_64, r-release-windows-ix86+x86_64, r-oldrel-macos-x86_64, r-oldrel-windows-ix86+x86_64

Version: 0.5
Check: Rd cross-references
Result: NOTE
    Undeclared package ‘PsumtSim’ in Rd xrefs
Flavor: r-devel-linux-x86_64-fedora-clang