CRAN Package Check Results for Package EffectStars2

Last updated on 2022-01-21 03:55:57 CET.

Flavor Version Tinstall Tcheck Ttotal Status Flags
r-devel-linux-x86_64-debian-clang 0.1-3 OK
r-devel-linux-x86_64-debian-gcc 0.1-3 3.26 36.75 40.01 OK
r-devel-linux-x86_64-fedora-clang 0.1-3 63.77 NOTE
r-devel-linux-x86_64-fedora-gcc 0.1-3 51.94 OK
r-devel-windows-x86_64-new-UL 0.1-3 50.00 73.00 123.00 OK
r-devel-windows-x86_64-new-TK 0.1-3 OK
r-patched-linux-x86_64 0.1-3 4.22 45.50 49.72 OK
r-release-linux-x86_64 0.1-3 2.91 45.57 48.48 OK
r-release-macos-arm64 0.1-3 OK
r-release-macos-x86_64 0.1-3 OK
r-release-windows-ix86+x86_64 0.1-3 10.00 61.00 71.00 OK
r-oldrel-macos-x86_64 0.1-3 OK
r-oldrel-windows-ix86+x86_64 0.1-3 11.00 60.00 71.00 OK

Check Details

Version: 0.1-3
Check: Rd cross-references
Result: NOTE
    Undeclared package ‘carData’ in Rd xrefs
Flavor: r-devel-linux-x86_64-fedora-clang