CRAN Package Check Results for Package EffectStars

Last updated on 2022-01-22 03:56:43 CET.

Flavor Version Tinstall Tcheck Ttotal Status Flags
r-devel-linux-x86_64-debian-clang 1.9-1 8.73 62.59 71.32 OK
r-devel-linux-x86_64-debian-gcc 1.9-1 6.88 48.16 55.04 OK
r-devel-linux-x86_64-fedora-clang 1.9-1 87.40 NOTE
r-devel-linux-x86_64-fedora-gcc 1.9-1 75.88 OK
r-devel-windows-x86_64-new-UL 1.9-1 44.00 84.00 128.00 OK
r-devel-windows-x86_64-new-TK 1.9-1 OK
r-patched-linux-x86_64 1.9-1 6.86 61.46 68.32 OK
r-release-linux-x86_64 1.9-1 9.02 60.84 69.86 OK
r-release-macos-arm64 1.9-1 OK
r-release-macos-x86_64 1.9-1 OK
r-release-windows-ix86+x86_64 1.9-1 17.00 75.00 92.00 OK
r-oldrel-macos-x86_64 1.9-1 OK
r-oldrel-windows-ix86+x86_64 1.9-1 16.00 74.00 90.00 OK

Check Details

Version: 1.9-1
Check: Rd cross-references
Result: NOTE
    Undeclared packages ‘carData’, ‘faraway’ in Rd xrefs
Flavor: r-devel-linux-x86_64-fedora-clang