CRAN Package Check Results for Package EcotoneFinder

Last updated on 2022-01-26 03:54:19 CET.

Flavor Version Tinstall Tcheck Ttotal Status Flags
r-devel-linux-x86_64-debian-clang 0.2.3 4.90 115.70 120.60 NOTE
r-devel-linux-x86_64-debian-gcc 0.2.3 4.43 86.91 91.34 NOTE
r-devel-linux-x86_64-fedora-clang 0.2.3 152.95 NOTE
r-devel-linux-x86_64-fedora-gcc 0.2.3 142.75 NOTE
r-devel-windows-x86_64-new-UL 0.2.3 92.00 140.00 232.00 NOTE
r-devel-windows-x86_64-new-TK 0.2.3 NOTE
r-patched-linux-x86_64 0.2.3 3.79 107.76 111.55 NOTE
r-release-linux-x86_64 0.2.3 3.33 108.98 112.31 NOTE
r-release-macos-arm64 0.2.3 NOTE
r-release-macos-x86_64 0.2.3 NOTE
r-release-windows-ix86+x86_64 0.2.3 11.00 135.00 146.00 NOTE
r-oldrel-macos-x86_64 0.2.3 NOTE
r-oldrel-windows-ix86+x86_64 0.2.3 12.00 142.00 154.00 OK

Check Details

Version: 0.2.3
Check: LazyData
Result: NOTE
     'LazyData' is specified without a 'data' directory
Flavors: r-devel-linux-x86_64-debian-clang, r-devel-linux-x86_64-debian-gcc, r-devel-linux-x86_64-fedora-clang, r-devel-linux-x86_64-fedora-gcc, r-devel-windows-x86_64-new-UL, r-devel-windows-x86_64-new-TK, r-patched-linux-x86_64, r-release-linux-x86_64, r-release-macos-arm64, r-release-macos-x86_64, r-release-windows-ix86+x86_64

Version: 0.2.3
Check: dependencies in R code
Result: NOTE
    Namespaces in Imports field not imported from:
     ‘Rmisc’ ‘rlang’
     All declared Imports should be used.
Flavors: r-devel-linux-x86_64-fedora-clang, r-devel-linux-x86_64-fedora-gcc, r-devel-windows-x86_64-new-TK, r-release-macos-arm64, r-release-macos-x86_64, r-oldrel-macos-x86_64