Last updated on 2023-03-26 03:50:09 CEST.
Flavor | Version | Tinstall | Tcheck | Ttotal | Status | Flags |
---|---|---|---|---|---|---|
r-devel-linux-x86_64-debian-clang | 1.5 | 3.08 | 31.00 | 34.08 | OK | |
r-devel-linux-x86_64-debian-gcc | 1.5 | 2.68 | 23.94 | 26.62 | OK | |
r-devel-linux-x86_64-fedora-gcc | 1.5 | 40.24 | OK | |||
r-devel-windows-x86_64 | 1.5 | 21.00 | 61.00 | 82.00 | OK | |
r-patched-linux-x86_64 | 1.5 | 2.82 | 29.90 | 32.72 | OK | |
r-release-linux-x86_64 | 1.5 | 2.78 | 30.51 | 33.29 | OK | |
r-release-macos-arm64 | 1.5 | 17.00 | OK | |||
r-release-macos-x86_64 | 1.5 | 24.00 | OK | |||
r-release-windows-x86_64 | 1.5 | 17.00 | 63.00 | 80.00 | OK | |
r-oldrel-macos-arm64 | 1.5 | 26.00 | NOTE | |||
r-oldrel-macos-x86_64 | 1.5 | 30.00 | OK | |||
r-oldrel-windows-ix86+x86_64 | 1.5 | 7.00 | 56.00 | 63.00 | OK |
Version: 1.5
Check: package dependencies
Result: NOTE
Package suggested but not available for checking: ‘RODBC’
Flavor: r-oldrel-macos-arm64
Version: 1.5
Check: Rd cross-references
Result: NOTE
Package unavailable to check Rd xrefs: ‘RODBC’
Flavor: r-oldrel-macos-arm64