CRAN Package Check Results for Package ETLUtils

Last updated on 2021-06-17 03:50:56 CEST.

Flavor Version Tinstall Tcheck Ttotal Status Flags
r-devel-linux-x86_64-debian-clang 1.5 3.30 29.81 33.11 OK
r-devel-linux-x86_64-debian-gcc 1.5 2.53 23.30 25.83 OK
r-devel-linux-x86_64-fedora-clang 1.5 48.82 OK
r-devel-linux-x86_64-fedora-gcc 1.5 37.67 OK
r-devel-windows-x86_64 1.5 5.00 51.00 56.00 OK
r-devel-windows-x86_64-gcc10-UCRT 1.5 OK
r-patched-linux-x86_64 1.5 3.11 28.50 31.61 OK
r-patched-solaris-x86 1.5 56.50 OK
r-release-linux-x86_64 1.5 2.81 28.76 31.57 OK
r-release-macos-arm64 1.5 NOTE
r-release-macos-x86_64 1.5 OK
r-release-windows-ix86+x86_64 1.5 7.00 48.00 55.00 OK
r-oldrel-macos-x86_64 1.5 OK
r-oldrel-windows-ix86+x86_64 1.5 6.00 51.00 57.00 OK

Check Details

Version: 1.5
Check: package dependencies
Result: NOTE
    Package suggested but not available for checking: ‘RODBC’
Flavor: r-release-macos-arm64

Version: 1.5
Check: Rd cross-references
Result: NOTE
    Package unavailable to check Rd xrefs: ‘RODBC’
Flavor: r-release-macos-arm64