CRAN Package Check Results for Package ENMTools

Last updated on 2021-12-07 03:53:40 CET.

Flavor Version Tinstall Tcheck Ttotal Status Flags
r-devel-linux-x86_64-debian-clang 1.0.5 43.28 496.77 540.05 NOTE
r-devel-linux-x86_64-debian-gcc 1.0.5 36.86 368.93 405.79 OK
r-devel-linux-x86_64-fedora-clang 1.0.5 684.10 OK
r-devel-linux-x86_64-fedora-gcc 1.0.5 649.32 OK
r-devel-windows-x86_64-new-UL 1.0.5 73.00 539.00 612.00 OK
r-devel-windows-x86_64-new-TK 1.0.5 NOTE
r-devel-windows-x86_64-old 1.0.5 72.00 562.00 634.00 OK
r-patched-linux-x86_64 1.0.5 42.92 467.04 509.96 NOTE
r-release-linux-x86_64 1.0.5 42.29 479.79 522.08 OK
r-release-macos-arm64 1.0.5 OK
r-release-macos-x86_64 1.0.5 OK
r-release-windows-ix86+x86_64 1.0.5 65.00 526.00 591.00 OK
r-oldrel-macos-x86_64 1.0.5 OK
r-oldrel-windows-ix86+x86_64 1.0.5 100.00 503.00 603.00 OK

Check Details

Version: 1.0.5
Check: package dependencies
Result: NOTE
    Package suggested but not available for checking: 'fastshap'
Flavors: r-devel-linux-x86_64-debian-clang, r-devel-windows-x86_64-new-TK, r-patched-linux-x86_64