CRAN Package Check Results for Package EMMIXgene

Last updated on 2021-10-24 15:51:01 CEST.

Flavor Version Tinstall Tcheck Ttotal Status Flags
r-devel-linux-x86_64-debian-clang 0.1.3 55.47 82.79 138.26 OK
r-devel-linux-x86_64-debian-gcc 0.1.3 43.53 59.33 102.86 OK
r-devel-linux-x86_64-fedora-clang 0.1.3 205.02 NOTE
r-devel-linux-x86_64-fedora-gcc 0.1.3 180.28 OK
r-devel-windows-x86_64 0.1.3 75.00 117.00 192.00 OK
r-devel-windows-x86_64-gcc10-UCRT 0.1.3 OK
r-patched-linux-x86_64 0.1.3 53.07 77.88 130.95 OK
r-patched-solaris-x86 0.1.3 204.40 OK
r-release-linux-x86_64 0.1.3 49.96 78.38 128.34 OK
r-release-macos-arm64 0.1.3 NOTE
r-release-macos-x86_64 0.1.3 NOTE
r-release-windows-ix86+x86_64 0.1.3 116.00 164.00 280.00 NOTE
r-oldrel-macos-x86_64 0.1.3 NOTE
r-oldrel-windows-ix86+x86_64 0.1.3 147.00 171.00 318.00 NOTE

Check Details

Version: 0.1.3
Check: installed package size
Result: NOTE
     installed size is 6.1Mb
     sub-directories of 1Mb or more:
     data 2.0Mb
     libs 3.3Mb
Flavors: r-devel-linux-x86_64-fedora-clang, r-release-macos-arm64, r-release-macos-x86_64, r-release-windows-ix86+x86_64, r-oldrel-macos-x86_64, r-oldrel-windows-ix86+x86_64