CRAN Package Check Results for Package EFAtools

Last updated on 2021-10-24 15:51:01 CEST.

Flavor Version Tinstall Tcheck Ttotal Status Flags
r-devel-linux-x86_64-debian-clang 0.3.1 89.08 579.20 668.28 OK
r-devel-linux-x86_64-debian-gcc 0.3.1 66.75 462.37 529.12 OK
r-devel-linux-x86_64-fedora-clang 0.3.1 653.50 NOTE
r-devel-linux-x86_64-fedora-gcc 0.3.1 683.18 NOTE
r-devel-windows-x86_64 0.3.1 122.00 488.00 610.00 OK
r-devel-windows-x86_64-gcc10-UCRT 0.3.1 NOTE
r-patched-linux-x86_64 0.3.1 86.16 497.14 583.30 OK
r-patched-solaris-x86 0.3.1 543.10 NOTE
r-release-linux-x86_64 0.3.1 71.00 468.96 539.96 OK
r-release-macos-arm64 0.3.1 NOTE
r-release-macos-x86_64 0.3.1 NOTE
r-release-windows-ix86+x86_64 0.3.1 167.00 729.00 896.00 OK
r-oldrel-macos-x86_64 0.3.1 NOTE
r-oldrel-windows-ix86+x86_64 0.3.1 227.00 774.00 1001.00 OK

Check Details

Version: 0.3.1
Check: installed package size
Result: NOTE
     installed size is 5.2Mb
     sub-directories of 1Mb or more:
     doc 1.0Mb
     libs 3.2Mb
Flavors: r-devel-linux-x86_64-fedora-clang, r-release-macos-arm64, r-release-macos-x86_64, r-oldrel-macos-x86_64

Version: 0.3.1
Check: dependencies in R code
Result: NOTE
    Namespace in Imports field not imported from: ‘progress’
     All declared Imports should be used.
Flavors: r-devel-linux-x86_64-fedora-clang, r-devel-linux-x86_64-fedora-gcc, r-devel-windows-x86_64-gcc10-UCRT, r-patched-solaris-x86, r-release-macos-arm64, r-release-macos-x86_64, r-oldrel-macos-x86_64