CRAN Package Check Results for Package ECLRMC

Last updated on 2022-05-19 15:53:16 CEST.

Flavor Version Tinstall Tcheck Ttotal Status Flags
r-devel-linux-x86_64-debian-clang 1.0 8.15 72.64 80.79 NOTE
r-devel-linux-x86_64-debian-gcc 1.0 5.28 56.47 61.75 NOTE
r-devel-linux-x86_64-fedora-clang 1.0 97.69 NOTE
r-devel-linux-x86_64-fedora-gcc 1.0 95.44 NOTE
r-devel-windows-x86_64 1.0 12.00 87.00 99.00 NOTE
r-patched-linux-x86_64 1.0 6.20 70.10 76.30 NOTE
r-release-linux-x86_64 1.0 6.76 70.08 76.84 NOTE
r-release-macos-arm64 1.0 30.00 NOTE
r-release-macos-x86_64 1.0 42.00 NOTE
r-release-windows-x86_64 1.0 12.00 88.00 100.00 NOTE
r-oldrel-macos-arm64 1.0 34.00 NOTE
r-oldrel-macos-x86_64 1.0 58.00 NOTE
r-oldrel-windows-ix86+x86_64 1.0 16.00 80.00 96.00 NOTE

Check Details

Version: 1.0
Check: LazyData
Result: NOTE
     'LazyData' is specified without a 'data' directory
Flavors: r-devel-linux-x86_64-debian-clang, r-devel-linux-x86_64-debian-gcc, r-devel-linux-x86_64-fedora-clang, r-devel-linux-x86_64-fedora-gcc, r-devel-windows-x86_64, r-patched-linux-x86_64, r-release-linux-x86_64, r-release-macos-arm64, r-release-macos-x86_64, r-release-windows-x86_64, r-oldrel-macos-arm64, r-oldrel-macos-x86_64, r-oldrel-windows-ix86+x86_64