CRAN Package Check Results for Package DynNom

Last updated on 2021-11-27 15:50:39 CET.

Flavor Version Tinstall Tcheck Ttotal Status Flags
r-devel-linux-x86_64-debian-clang 5.0.1 NOTE
r-devel-linux-x86_64-debian-gcc 5.0.1 17.08 109.92 127.00 NOTE
r-devel-linux-x86_64-fedora-clang 5.0.1 207.76 NOTE
r-devel-linux-x86_64-fedora-gcc 5.0.1 193.83 NOTE
r-devel-windows-x86_64-new-UL 5.0.1 33.00 195.00 228.00 NOTE
r-devel-windows-x86_64-new-TK 5.0.1 NOTE
r-devel-windows-x86_64-old 5.0.1 27.00 181.00 208.00 NOTE
r-patched-linux-x86_64 5.0.1 20.07 138.10 158.17 NOTE
r-patched-solaris-x86 5.0.1 233.20 NOTE
r-release-linux-x86_64 5.0.1 NOTE
r-release-macos-arm64 5.0.1 NOTE
r-release-macos-x86_64 5.0.1 NOTE
r-release-windows-ix86+x86_64 5.0.1 47.00 130.00 177.00 NOTE
r-oldrel-macos-x86_64 5.0.1 OK
r-oldrel-windows-ix86+x86_64 5.0.1 49.00 177.00 226.00 OK

Check Details

Version: 5.0.1
Check: LazyData
Result: NOTE
     'LazyData' is specified without a 'data' directory
Flavors: r-devel-linux-x86_64-debian-clang, r-devel-linux-x86_64-debian-gcc, r-devel-linux-x86_64-fedora-clang, r-devel-linux-x86_64-fedora-gcc, r-devel-windows-x86_64-new-UL, r-devel-windows-x86_64-new-TK, r-devel-windows-x86_64-old, r-patched-linux-x86_64, r-patched-solaris-x86, r-release-linux-x86_64, r-release-macos-arm64, r-release-macos-x86_64, r-release-windows-ix86+x86_64