CRAN Package Check Results for Package Dykstra

Last updated on 2022-01-22 03:56:42 CET.

Flavor Version Tinstall Tcheck Ttotal Status Flags
r-devel-linux-x86_64-debian-clang 1.0-0 1.76 28.63 30.39 OK
r-devel-linux-x86_64-debian-gcc 1.0-0 1.46 22.36 23.82 OK
r-devel-linux-x86_64-fedora-clang 1.0-0 38.12 NOTE
r-devel-linux-x86_64-fedora-gcc 1.0-0 27.45 OK
r-devel-windows-x86_64-new-UL 1.0-0 13.00 43.00 56.00 OK
r-devel-windows-x86_64-new-TK 1.0-0 OK
r-patched-linux-x86_64 1.0-0 1.87 28.16 30.03 OK
r-release-linux-x86_64 1.0-0 1.32 28.04 29.36 OK
r-release-macos-arm64 1.0-0 OK
r-release-macos-x86_64 1.0-0 OK
r-release-windows-ix86+x86_64 1.0-0 5.00 31.00 36.00 OK
r-oldrel-macos-x86_64 1.0-0 OK
r-oldrel-windows-ix86+x86_64 1.0-0 4.00 33.00 37.00 OK

Check Details

Version: 1.0-0
Check: Rd cross-references
Result: NOTE
    Undeclared package ‘quadprog’ in Rd xrefs
Flavor: r-devel-linux-x86_64-fedora-clang