CRAN Package Check Results for Package DySS

Last updated on 2024-07-15 15:54:22 CEST.

Flavor Version Tinstall Tcheck Ttotal Status Flags
r-devel-linux-x86_64-debian-clang 1.0 348.45 138.13 486.58 NOTE
r-devel-linux-x86_64-debian-gcc 1.0 231.32 110.28 341.60 NOTE
r-devel-linux-x86_64-fedora-clang 1.0 721.63 NOTE
r-devel-linux-x86_64-fedora-gcc 1.0 738.68 NOTE
r-devel-windows-x86_64 1.0 271.00 147.00 418.00 NOTE
r-patched-linux-x86_64 1.0 279.64 136.55 416.19 NOTE
r-release-linux-x86_64 1.0 287.69 135.57 423.26 NOTE
r-release-macos-arm64 1.0 135.00 NOTE
r-release-macos-x86_64 1.0 151.00 NOTE
r-release-windows-x86_64 1.0 267.00 145.00 412.00 NOTE
r-oldrel-macos-arm64 1.0 178.00 NOTE
r-oldrel-macos-x86_64 1.0 279.00 NOTE
r-oldrel-windows-x86_64 1.0 325.00 180.00 505.00 NOTE

Check Details

Version: 1.0
Check: C++ specification
Result: NOTE Specified C++11: please drop specification unless essential Flavors: r-devel-linux-x86_64-debian-clang, r-devel-linux-x86_64-debian-gcc, r-devel-linux-x86_64-fedora-clang, r-devel-linux-x86_64-fedora-gcc, r-devel-windows-x86_64, r-patched-linux-x86_64, r-release-linux-x86_64, r-release-macos-arm64, r-release-macos-x86_64, r-release-windows-x86_64, r-oldrel-macos-arm64, r-oldrel-macos-x86_64, r-oldrel-windows-x86_64

Version: 1.0
Check: Rd files
Result: NOTE checkRd: (-1) monitor_long_1d.Rd:33: Lost braces 33 | If \code{side="upward"}{apply control charts that aim to detect upward shifts.} \cr | ^ checkRd: (-1) monitor_long_1d.Rd:34: Lost braces 34 | If \code{side="downward"}{apply control charts that aim to detect downward shifts.} \cr | ^ checkRd: (-1) monitor_long_1d.Rd:35: Lost braces 35 | If \code{side="both"}{apply control charts that aim to detect shifts in both sides}} | ^ checkRd: (-1) monitor_long_1d.Rd:38: Lost braces 38 | If \code{chart="CUSUM"}{apply CUSUM charts.} \cr | ^ checkRd: (-1) monitor_long_1d.Rd:39: Lost braces 39 | If \code{chart="EWMA"}{apply EWMA charts.}} | ^ Flavors: r-devel-linux-x86_64-debian-clang, r-devel-linux-x86_64-debian-gcc, r-devel-linux-x86_64-fedora-clang, r-devel-linux-x86_64-fedora-gcc, r-devel-windows-x86_64, r-patched-linux-x86_64, r-release-linux-x86_64, r-release-macos-arm64, r-release-macos-x86_64, r-release-windows-x86_64

Version: 1.0
Check: installed package size
Result: NOTE installed size is 5.3Mb sub-directories of 1Mb or more: data 3.0Mb libs 1.7Mb Flavors: r-devel-windows-x86_64, r-release-macos-arm64, r-release-macos-x86_64, r-release-windows-x86_64, r-oldrel-macos-arm64, r-oldrel-macos-x86_64, r-oldrel-windows-x86_64