CRAN Package Check Results for Package DriveML

Last updated on 2021-10-26 15:51:08 CEST.

Flavor Version Tinstall Tcheck Ttotal Status Flags
r-devel-linux-x86_64-debian-clang 0.1.4 21.30 197.12 218.42 OK
r-devel-linux-x86_64-debian-gcc 0.1.4 19.46 180.91 200.37 OK
r-devel-linux-x86_64-fedora-clang 0.1.4 255.98 NOTE
r-devel-linux-x86_64-fedora-gcc 0.1.4 247.70 NOTE
r-devel-windows-x86_64 0.1.4 33.00 240.00 273.00 OK
r-devel-windows-x86_64-gcc10-UCRT 0.1.4 NOTE
r-patched-linux-x86_64 0.1.4 19.83 187.97 207.80 OK
r-patched-solaris-x86 0.1.4 302.10 NOTE
r-release-linux-x86_64 0.1.4 21.63 194.03 215.66 OK
r-release-macos-arm64 0.1.4 NOTE
r-release-macos-x86_64 0.1.4 NOTE
r-release-windows-ix86+x86_64 0.1.3 32.00 214.00 246.00 OK
r-oldrel-macos-x86_64 0.1.4 NOTE
r-oldrel-windows-ix86+x86_64 0.1.4 9.00 5.00 14.00 ERROR

Check Details

Version: 0.1.4
Check: data for non-ASCII characters
Result: NOTE
     Note: found 8 marked UTF-8 strings
Flavors: r-devel-linux-x86_64-fedora-clang, r-devel-linux-x86_64-fedora-gcc, r-devel-windows-x86_64-gcc10-UCRT, r-patched-solaris-x86, r-release-macos-arm64, r-release-macos-x86_64, r-oldrel-macos-x86_64

Version: 0.1.4
Check: whether package can be installed
Result: ERROR
    Installation failed.
Flavor: r-oldrel-windows-ix86+x86_64