CRAN Package Check Results for Package DrDimont

Last updated on 2024-07-13 15:48:58 CEST.

Flavor Version Tinstall Tcheck Ttotal Status Flags
r-devel-linux-x86_64-debian-clang 0.1.4 9.00 92.48 101.48 NOTE
r-devel-linux-x86_64-debian-gcc 0.1.4 6.27 68.39 74.66 NOTE
r-devel-linux-x86_64-fedora-clang 0.1.4 124.78 NOTE
r-devel-linux-x86_64-fedora-gcc 0.1.4 129.40 NOTE
r-devel-windows-x86_64 0.1.4 9.00 104.00 113.00 NOTE
r-patched-linux-x86_64 0.1.4 8.96 89.26 98.22 NOTE
r-release-linux-x86_64 0.1.4 5.55 88.23 93.78 NOTE
r-release-macos-arm64 0.1.4 45.00 NOTE
r-release-macos-x86_64 0.1.4 73.00 NOTE
r-release-windows-x86_64 0.1.4 9.00 103.00 112.00 NOTE
r-oldrel-macos-arm64 0.1.4 54.00 OK
r-oldrel-macos-x86_64 0.1.4 77.00 OK
r-oldrel-windows-x86_64 0.1.4 11.00 123.00 134.00 OK

Check Details

Version: 0.1.4
Check: Rd files
Result: NOTE checkRd: (-1) generate_individual_graphs.Rd:11: Lost braces 11 | code{\link[DrDimont]{compute_correlation_matrices}}} | ^ Flavors: r-devel-linux-x86_64-debian-clang, r-devel-linux-x86_64-debian-gcc, r-devel-linux-x86_64-fedora-clang, r-devel-linux-x86_64-fedora-gcc, r-devel-windows-x86_64, r-patched-linux-x86_64, r-release-linux-x86_64, r-release-macos-arm64, r-release-macos-x86_64, r-release-windows-x86_64