Last updated on 2023-03-26 03:50:08 CEST.
Flavor | Version | Tinstall | Tcheck | Ttotal | Status | Flags |
---|---|---|---|---|---|---|
r-devel-linux-x86_64-debian-clang | 1.0 | 6.21 | 56.47 | 62.68 | NOTE | |
r-devel-linux-x86_64-debian-gcc | 1.0 | 6.17 | 43.39 | 49.56 | NOTE | |
r-devel-linux-x86_64-fedora-gcc | 1.0 | 75.34 | NOTE | |||
r-devel-windows-x86_64 | 1.0 | 29.00 | 84.00 | 113.00 | NOTE | |
r-patched-linux-x86_64 | 1.0 | 9.70 | 54.67 | 64.37 | NOTE | |
r-release-linux-x86_64 | 1.0 | 7.89 | 56.40 | 64.29 | NOTE | |
r-release-macos-arm64 | 1.0 | 23.00 | NOTE | |||
r-release-macos-x86_64 | 1.0 | 33.00 | NOTE | |||
r-release-windows-x86_64 | 1.0 | 12.00 | 87.00 | 99.00 | NOTE | |
r-oldrel-macos-arm64 | 1.0 | 25.00 | NOTE | |||
r-oldrel-macos-x86_64 | 1.0 | 33.00 | NOTE | |||
r-oldrel-windows-ix86+x86_64 | 1.0 | 16.00 | 79.00 | 95.00 | NOTE |
Version: 1.0
Check: package dependencies
Result: NOTE
Package which this enhances but not available for checking: ‘gurobi’
Flavors: r-devel-linux-x86_64-debian-clang, r-devel-linux-x86_64-debian-gcc, r-devel-linux-x86_64-fedora-gcc, r-devel-windows-x86_64, r-patched-linux-x86_64, r-release-linux-x86_64, r-release-macos-arm64, r-release-macos-x86_64, r-release-windows-x86_64, r-oldrel-macos-arm64, r-oldrel-macos-x86_64, r-oldrel-windows-ix86+x86_64