CRAN Package Check Results for Package Distance

Last updated on 2021-12-05 03:59:25 CET.

Flavor Version Tinstall Tcheck Ttotal Status Flags
r-devel-linux-x86_64-debian-clang 1.0.4 11.28 198.28 209.56 OK
r-devel-linux-x86_64-debian-gcc 1.0.4 9.17 149.24 158.41 OK
r-devel-linux-x86_64-fedora-clang 1.0.4 261.47 NOTE
r-devel-linux-x86_64-fedora-gcc 1.0.4 238.88 OK
r-devel-windows-x86_64-new-UL 1.0.4 25.00 236.00 261.00 OK
r-devel-windows-x86_64-new-TK 1.0.4 OK
r-devel-windows-x86_64-old 1.0.4 20.00 170.00 190.00 OK
r-patched-linux-x86_64 1.0.4 15.80 177.32 193.12 OK
r-release-linux-x86_64 1.0.4 11.61 179.54 191.15 OK
r-release-macos-arm64 1.0.4 OK
r-release-macos-x86_64 1.0.4 OK
r-release-windows-ix86+x86_64 1.0.4 27.00 237.00 264.00 OK
r-oldrel-macos-x86_64 1.0.4 OK
r-oldrel-windows-ix86+x86_64 1.0.4 28.00 228.00 256.00 OK

Check Details

Version: 1.0.4
Check: Rd cross-references
Result: NOTE
    Undeclared packages ‘optimx’, ‘readxl’ in Rd xrefs
Flavor: r-devel-linux-x86_64-fedora-clang