CRAN Package Check Results for Package DirectEffects

Last updated on 2021-10-26 15:51:08 CEST.

Flavor Version Tinstall Tcheck Ttotal Status Flags
r-devel-linux-x86_64-debian-clang 0.2.1 3.17 46.02 49.19 OK
r-devel-linux-x86_64-debian-gcc 0.2.1 2.57 35.28 37.85 OK
r-devel-linux-x86_64-fedora-clang 0.2.1 69.29 NOTE
r-devel-linux-x86_64-fedora-gcc 0.2.1 59.34 NOTE
r-devel-windows-x86_64 0.2.1 6.00 74.00 80.00 OK
r-devel-windows-x86_64-gcc10-UCRT 0.2.1 NOTE
r-patched-linux-x86_64 0.2.1 3.37 44.33 47.70 OK
r-patched-solaris-x86 0.2.1 81.30 NOTE
r-release-linux-x86_64 0.2.1 3.14 44.68 47.82 OK
r-release-macos-arm64 0.2.1 NOTE
r-release-macos-x86_64 0.2.1 NOTE
r-release-windows-ix86+x86_64 0.2.1 4.00 64.00 68.00 OK
r-oldrel-macos-x86_64 0.2.1 NOTE
r-oldrel-windows-ix86+x86_64 0.2.1 7.00 72.00 79.00 OK

Check Details

Version: 0.2.1
Check: dependencies in R code
Result: NOTE
    Namespace in Imports field not imported from: ‘sandwich’
     All declared Imports should be used.
Flavors: r-devel-linux-x86_64-fedora-clang, r-devel-linux-x86_64-fedora-gcc, r-devel-windows-x86_64-gcc10-UCRT, r-patched-solaris-x86, r-release-macos-arm64, r-release-macos-x86_64, r-oldrel-macos-x86_64