CRAN Package Check Results for Package DescriptiveStats.OBeu

Last updated on 2022-01-23 15:49:04 CET.

Flavor Version Tinstall Tcheck Ttotal Status Flags
r-devel-linux-x86_64-debian-clang 1.3.2 2.61 38.92 41.53 OK
r-devel-linux-x86_64-debian-gcc 1.3.2 2.10 33.58 35.68 OK
r-devel-linux-x86_64-fedora-clang 1.3.2 51.48 NOTE
r-devel-linux-x86_64-fedora-gcc 1.3.2 39.75 NOTE
r-devel-windows-x86_64-new-UL 1.3.2 147.00 69.00 216.00 OK
r-devel-windows-x86_64-new-TK 1.3.2 NOTE
r-patched-linux-x86_64 1.3.2 2.01 38.37 40.38 OK
r-release-linux-x86_64 1.3.2 2.38 38.41 40.79 OK
r-release-macos-arm64 1.3.2 NOTE
r-release-macos-x86_64 1.3.2 NOTE
r-release-windows-ix86+x86_64 1.3.2 6.00 38.00 44.00 OK
r-oldrel-macos-x86_64 1.3.2 NOTE
r-oldrel-windows-ix86+x86_64 1.3.2 6.00 52.00 58.00 OK

Check Details

Version: 1.3.2
Check: data for non-ASCII characters
Result: NOTE
     Note: found 5764 marked UTF-8 strings
Flavors: r-devel-linux-x86_64-fedora-clang, r-devel-linux-x86_64-fedora-gcc, r-devel-windows-x86_64-new-TK, r-release-macos-arm64, r-release-macos-x86_64, r-oldrel-macos-x86_64