Last updated on 2023-10-01 05:05:39 CEST.
Flavor | Version | Tinstall | Tcheck | Ttotal | Status | Flags |
---|---|---|---|---|---|---|
r-devel-linux-x86_64-debian-clang | 2.1.16 | 14.12 | 231.82 | 245.94 | NOTE | |
r-devel-linux-x86_64-debian-gcc | 2.1.16 | 9.24 | 172.20 | 181.44 | NOTE | |
r-devel-linux-x86_64-fedora-clang | 2.1.16 | 298.52 | NOTE | |||
r-devel-linux-x86_64-fedora-gcc | 2.1.16 | 321.33 | NOTE | |||
r-devel-windows-x86_64 | 2.1.16 | 13.00 | 200.00 | 213.00 | NOTE | |
r-patched-linux-x86_64 | 2.1.16 | 9.00 | 224.51 | 233.51 | NOTE | |
r-release-linux-x86_64 | 2.1.16 | 8.91 | 226.46 | 235.37 | NOTE | |
r-release-macos-arm64 | 2.1.16 | 97.00 | NOTE | |||
r-release-macos-x86_64 | 2.1.16 | 187.00 | NOTE | |||
r-release-windows-x86_64 | 2.1.16 | 18.00 | 239.00 | 257.00 | NOTE | |
r-oldrel-macos-arm64 | 2.1.16 | 87.00 | OK | |||
r-oldrel-macos-x86_64 | 2.1.16 | 121.00 | OK | |||
r-oldrel-windows-x86_64 | 2.1.16 | 20.00 | 242.00 | 262.00 | OK |
Version: 2.1.16
Check: dependencies in R code
Result: NOTE
There are ::: calls to the package's namespace in its code. A package
almost never needs to use ::: for its own objects:
‘.N’ ‘.Nmiss’ ‘.Q1’ ‘.Q3’ ‘.factorN’ ‘.factorNmiss’ ‘.factorQ1’
‘.factorQ3’ ‘.factormax’ ‘.factormean’ ‘.factormedian’ ‘.factormin’
‘.factorsd’ ‘.max’ ‘.mean’ ‘.median’ ‘.min’ ‘.sd’
Flavors: r-devel-linux-x86_64-debian-clang, r-devel-linux-x86_64-debian-gcc, r-devel-linux-x86_64-fedora-clang, r-devel-linux-x86_64-fedora-gcc, r-devel-windows-x86_64, r-patched-linux-x86_64, r-release-linux-x86_64, r-release-macos-arm64, r-release-macos-x86_64, r-release-windows-x86_64