CRAN Package Check Results for Package DatabionicSwarm

Last updated on 2021-12-01 03:55:25 CET.

Flavor Version Tinstall Tcheck Ttotal Status Flags
r-devel-linux-x86_64-debian-clang 1.1.5 151.34 106.37 257.71 OK
r-devel-linux-x86_64-debian-gcc 1.1.5 108.85 90.88 199.73 OK
r-devel-linux-x86_64-fedora-clang 1.1.5 368.96 NOTE
r-devel-linux-x86_64-fedora-gcc 1.1.5 345.10 OK
r-devel-windows-x86_64-new-UL 1.1.5 194.00 194.00 388.00 OK
r-devel-windows-x86_64-new-TK 1.1.5 OK
r-devel-windows-x86_64-old 1.1.5 186.00 116.00 302.00 OK
r-patched-linux-x86_64 1.1.5 128.03 101.81 229.84 OK
r-patched-solaris-x86 1.1.5 272.80 OK
r-release-linux-x86_64 1.1.5 117.76 100.61 218.37 OK
r-release-macos-arm64 1.1.5 NOTE
r-release-macos-x86_64 1.1.5 NOTE
r-release-windows-ix86+x86_64 1.1.5 352.00 188.00 540.00 NOTE
r-oldrel-macos-x86_64 1.1.5 NOTE
r-oldrel-windows-ix86+x86_64 1.1.5 270.00 145.00 415.00 NOTE

Check Details

Version: 1.1.5
Check: installed package size
Result: NOTE
     installed size is 6.9Mb
     sub-directories of 1Mb or more:
     doc 3.0Mb
     libs 3.5Mb
Flavors: r-devel-linux-x86_64-fedora-clang, r-release-macos-arm64, r-release-macos-x86_64, r-release-windows-ix86+x86_64, r-oldrel-macos-x86_64, r-oldrel-windows-ix86+x86_64