CRAN Package Check Results for Package DataVisualizations

Last updated on 2021-10-22 03:55:19 CEST.

Flavor Version Tinstall Tcheck Ttotal Status Flags
r-devel-linux-x86_64-debian-clang 1.2.2 51.54 281.99 333.53 OK
r-devel-linux-x86_64-debian-gcc 1.2.2 38.91 211.12 250.03 OK
r-devel-linux-x86_64-fedora-clang 1.2.2 427.85 NOTE
r-devel-linux-x86_64-fedora-gcc 1.2.2 422.33 OK
r-devel-windows-x86_64 1.2.2 75.00 300.00 375.00 OK
r-devel-windows-x86_64-gcc10-UCRT 1.2.2 OK
r-patched-linux-x86_64 1.2.2 52.49 281.11 333.60 OK
r-patched-solaris-x86 1.2.2 234.50 OK
r-release-linux-x86_64 1.2.2 43.89 279.02 322.91 OK
r-release-macos-arm64 1.2.2 NOTE
r-release-macos-x86_64 1.2.2 OK
r-release-windows-ix86+x86_64 1.2.2 99.00 329.00 428.00 NOTE
r-oldrel-macos-x86_64 1.2.2 OK
r-oldrel-windows-ix86+x86_64 1.2.2 131.00 362.00 493.00 NOTE

Check Details

Version: 1.2.2
Check: Rd cross-references
Result: NOTE
    Undeclared package ‘FCPS’ in Rd xrefs
Flavor: r-devel-linux-x86_64-fedora-clang

Version: 1.2.2
Check: installed package size
Result: NOTE
     installed size is 5.0Mb
     sub-directories of 1Mb or more:
     doc 1.7Mb
     libs 2.0Mb
Flavors: r-release-macos-arm64, r-release-windows-ix86+x86_64, r-oldrel-windows-ix86+x86_64