CRAN Package Check Results for Package DataExplorer

Last updated on 2024-07-22 03:49:14 CEST.

Flavor Version Tinstall Tcheck Ttotal Status Flags
r-devel-linux-x86_64-debian-clang 0.8.3 7.55 253.28 260.83 OK
r-devel-linux-x86_64-debian-gcc 0.8.3 5.26 198.65 203.91 NOTE
r-devel-linux-x86_64-fedora-clang 0.8.3 336.70 OK
r-devel-linux-x86_64-fedora-gcc 0.8.3 328.78 OK
r-devel-windows-x86_64 0.8.3 12.00 227.00 239.00 NOTE
r-patched-linux-x86_64 0.8.3 13.20 246.43 259.63 OK
r-release-linux-x86_64 0.8.3 7.14 250.21 257.35 OK
r-release-macos-arm64 0.8.3 88.00 OK
r-release-macos-x86_64 0.8.3 161.00 OK
r-release-windows-x86_64 0.8.3 9.00 234.00 243.00 OK
r-oldrel-macos-arm64 0.8.3 107.00 OK
r-oldrel-macos-x86_64 0.8.3 218.00 OK
r-oldrel-windows-x86_64 0.8.3 12.00 269.00 281.00 OK

Check Details

Version: 0.8.3
Check: Rd cross-references
Result: NOTE Found the following Rd file(s) with Rd \link{} targets missing package anchors: configure_report.Rd: theme create_report.Rd: render drop_columns.Rd: data.table group_category.Rd: data.table plotDataExplorer.Rd: theme plotDataExplorer.grid.Rd: theme plotDataExplorer.multiple.Rd: theme, facet_wrap plotDataExplorer.single.Rd: theme plot_bar.Rd: geom_bar, theme_gray, theme plot_boxplot.Rd: geom_boxplot, geom_jitter, scale_y_continuous, theme_gray, theme plot_correlation.Rd: geom_text, theme_gray, theme plot_density.Rd: geom_density, scale_x_continuous, theme_gray, theme plot_histogram.Rd: geom_histogram, scale_x_continuous, theme_gray, theme plot_intro.Rd: geom_label, theme_gray, theme plot_missing.Rd: geom_label, theme_gray, theme plot_prcomp.Rd: geom_label, theme_gray, theme plot_qq.Rd: geom_qq, geom_qq_line, theme_gray, theme plot_scatterplot.Rd: geom_point, geom_jitter, scale_x_continuous, scale_y_continuous, theme_gray, theme plot_str.Rd: diagonalNetwork, radialNetwork set_missing.Rd: data.table split_columns.Rd: data.table update_columns.Rd: data.table Please provide package anchors for all Rd \link{} targets not in the package itself and the base packages. Flavors: r-devel-linux-x86_64-debian-gcc, r-devel-windows-x86_64