CRAN Package Check Results for Package DPWeibull

Last updated on 2022-01-27 15:53:32 CET.

Flavor Version Tinstall Tcheck Ttotal Status Flags
r-devel-linux-x86_64-debian-clang 1.8 123.38 94.99 218.37 OK
r-devel-linux-x86_64-debian-gcc 1.8 82.01 72.91 154.92 OK
r-devel-linux-x86_64-fedora-clang 1.8 298.29 OK
r-devel-linux-x86_64-fedora-gcc 1.8 262.76 OK
r-devel-windows-x86_64-new-UL 1.8 124.00 126.00 250.00 OK
r-devel-windows-x86_64-new-TK 1.8 OK
r-patched-linux-x86_64 1.8 97.04 87.61 184.65 OK
r-release-linux-x86_64 1.8 94.97 87.11 182.08 OK
r-release-macos-arm64 1.8 NOTE
r-release-macos-x86_64 1.8 OK
r-release-windows-ix86+x86_64 1.8 268.00 143.00 411.00 OK
r-oldrel-macos-x86_64 1.8 OK
r-oldrel-windows-ix86+x86_64 1.8 268.00 145.00 413.00 OK

Check Details

Version: 1.8
Check: installed package size
Result: NOTE
     installed size is 5.9Mb
     sub-directories of 1Mb or more:
     libs 5.7Mb
Flavor: r-release-macos-arm64