CRAN Package Check Results for Package DPQmpfr

Last updated on 2022-01-16 15:48:25 CET.

Flavor Version Tinstall Tcheck Ttotal Status Flags
r-devel-linux-x86_64-debian-clang 0.3-1 5.10 175.11 180.21 OK
r-devel-linux-x86_64-debian-gcc 0.3-1 3.87 145.19 149.06 OK
r-devel-linux-x86_64-fedora-clang 0.3-1 219.26 NOTE
r-devel-linux-x86_64-fedora-gcc 0.3-1 201.42 NOTE
r-devel-windows-x86_64-new-UL 0.3-1 26.00 185.00 211.00 OK
r-devel-windows-x86_64-new-TK 0.3-1 NOTE
r-patched-linux-x86_64 0.3-1 5.61 169.76 175.37 OK
r-release-linux-x86_64 0.3-1 OK
r-release-macos-arm64 0.3-1 NOTE
r-release-macos-x86_64 0.3-1 NOTE
r-release-windows-ix86+x86_64 0.3-1 12.00 213.00 225.00 OK
r-oldrel-macos-x86_64 0.3-1 NOTE
r-oldrel-windows-ix86+x86_64 0.3-1 11.00 206.00 217.00 OK

Check Details

Version: 0.3-1
Check: dependencies in R code
Result: NOTE
    Namespace in Imports field not imported from: ‘graphics’
     All declared Imports should be used.
Flavors: r-devel-linux-x86_64-fedora-clang, r-devel-linux-x86_64-fedora-gcc, r-devel-windows-x86_64-new-TK, r-release-macos-arm64, r-release-macos-x86_64, r-oldrel-macos-x86_64