CRAN Package Check Results for Package DOPE

Last updated on 2022-01-16 15:48:25 CET.

Flavor Version Tinstall Tcheck Ttotal Status Flags
r-devel-linux-x86_64-debian-clang 2.1.0 8.90 110.06 118.96 OK
r-devel-linux-x86_64-debian-gcc 2.1.0 8.15 95.19 103.34 OK
r-devel-linux-x86_64-fedora-clang 2.1.0 144.42 NOTE
r-devel-linux-x86_64-fedora-gcc 2.1.0 126.80 NOTE
r-devel-windows-x86_64-new-UL 2.1.0 51.00 143.00 194.00 OK
r-devel-windows-x86_64-new-TK 2.1.0 NOTE
r-patched-linux-x86_64 2.1.0 9.78 109.86 119.64 OK
r-release-linux-x86_64 2.1.0 OK
r-release-macos-arm64 2.1.0 NOTE
r-release-macos-x86_64 2.1.0 NOTE
r-release-windows-ix86+x86_64 2.1.0 23.00 135.00 158.00 OK
r-oldrel-macos-x86_64 2.1.0 NOTE
r-oldrel-windows-ix86+x86_64 2.1.0 22.00 135.00 157.00 OK

Check Details

Version: 2.1.0
Check: data for non-ASCII characters
Result: NOTE
     Note: found 100 marked UTF-8 strings
Flavors: r-devel-linux-x86_64-fedora-clang, r-devel-linux-x86_64-fedora-gcc, r-devel-windows-x86_64-new-TK, r-release-macos-arm64, r-release-macos-x86_64, r-oldrel-macos-x86_64