CRAN Package Check Results for Package DMwR2

Last updated on 2024-07-14 03:55:08 CEST.

Flavor Version Tinstall Tcheck Ttotal Status Flags
r-devel-linux-x86_64-debian-clang 0.0.2 6.76 66.49 73.25 NOTE
r-devel-linux-x86_64-debian-gcc 0.0.2 7.45 49.21 56.66 NOTE
r-devel-linux-x86_64-fedora-clang 0.0.2 94.50 NOTE
r-devel-linux-x86_64-fedora-gcc 0.0.2 88.32 NOTE
r-devel-windows-x86_64 0.0.2 12.00 72.00 84.00 NOTE
r-patched-linux-x86_64 0.0.2 10.74 62.36 73.10 NOTE
r-release-linux-x86_64 0.0.2 6.50 63.38 69.88 NOTE
r-release-macos-arm64 0.0.2 33.00 NOTE
r-release-macos-x86_64 0.0.2 62.00 NOTE
r-release-windows-x86_64 0.0.2 10.00 73.00 83.00 NOTE
r-oldrel-macos-arm64 0.0.2 34.00 OK
r-oldrel-macos-x86_64 0.0.2 48.00 OK
r-oldrel-windows-x86_64 0.0.2 13.00 86.00 99.00 OK

Check Details

Version: 0.0.2
Check: Rd files
Result: NOTE checkRd: (-1) outliers.ranking.Rd:142: Lost braces; missing escapes or markup? 142 | max ( 0, ( |g_{y,i}| - |g_{x,i}| ) / ( |g_{y,i}| + |g_{x,i}| ) ), | ^ checkRd: (-1) outliers.ranking.Rd:142: Lost braces; missing escapes or markup? 142 | max ( 0, ( |g_{y,i}| - |g_{x,i}| ) / ( |g_{y,i}| + |g_{x,i}| ) ), | ^ checkRd: (-1) outliers.ranking.Rd:142: Lost braces; missing escapes or markup? 142 | max ( 0, ( |g_{y,i}| - |g_{x,i}| ) / ( |g_{y,i}| + |g_{x,i}| ) ), | ^ checkRd: (-1) outliers.ranking.Rd:142: Lost braces; missing escapes or markup? 142 | max ( 0, ( |g_{y,i}| - |g_{x,i}| ) / ( |g_{y,i}| + |g_{x,i}| ) ), | ^ checkRd: (-1) outliers.ranking.Rd:143: Lost braces; missing escapes or markup? 143 | where g_{y,i} and g_{x,i} are the two groups involved in the merge at | ^ checkRd: (-1) outliers.ranking.Rd:143: Lost braces; missing escapes or markup? 143 | where g_{y,i} and g_{x,i} are the two groups involved in the merge at | ^ checkRd: (-1) outliers.ranking.Rd:144: Lost braces; missing escapes or markup? 144 | step i, and g_{x,i} is the group which X belongs to. Note that if X | ^ Flavors: r-devel-linux-x86_64-debian-clang, r-devel-linux-x86_64-debian-gcc, r-devel-linux-x86_64-fedora-clang, r-devel-linux-x86_64-fedora-gcc, r-devel-windows-x86_64, r-patched-linux-x86_64, r-release-linux-x86_64, r-release-macos-arm64, r-release-macos-x86_64, r-release-windows-x86_64

Version: 0.0.2
Check: Rd cross-references
Result: NOTE Found the following Rd file(s) with Rd \link{} targets missing package anchors: kNN.Rd: knn, knn1, knn.cv rpartXse.Rd: rpart, prune.rpart rt.prune.Rd: rpart, prune.rpart Please provide package anchors for all Rd \link{} targets not in the package itself and the base packages. Flavor: r-devel-windows-x86_64