CRAN Package Check Results for Package DMTL

Last updated on 2022-01-28 04:00:45 CET.

Flavor Version Tinstall Tcheck Ttotal Status Flags
r-devel-linux-x86_64-debian-clang 0.1.2 2.46 51.76 54.22 NOTE
r-devel-linux-x86_64-debian-gcc 0.1.2 1.73 40.14 41.87 NOTE
r-devel-linux-x86_64-fedora-clang 0.1.2 65.16 NOTE
r-devel-linux-x86_64-fedora-gcc 0.1.2 55.62 NOTE
r-devel-windows-x86_64-new-UL 0.1.2 16.00 71.00 87.00 NOTE
r-devel-windows-x86_64-new-TK 0.1.2 NOTE
r-patched-linux-x86_64 0.1.2 2.19 49.72 51.91 NOTE
r-release-linux-x86_64 0.1.2 1.54 48.69 50.23 NOTE
r-release-macos-arm64 0.1.2 NOTE
r-release-macos-x86_64 0.1.2 NOTE
r-release-windows-ix86+x86_64 0.1.2 7.00 66.00 73.00 NOTE
r-oldrel-macos-x86_64 0.1.2 OK
r-oldrel-windows-ix86+x86_64 0.1.2 7.00 67.00 74.00 OK

Check Details

Version: 0.1.2
Check: LazyData
Result: NOTE
     'LazyData' is specified without a 'data' directory
Flavors: r-devel-linux-x86_64-debian-clang, r-devel-linux-x86_64-debian-gcc, r-devel-linux-x86_64-fedora-clang, r-devel-linux-x86_64-fedora-gcc, r-devel-windows-x86_64-new-UL, r-devel-windows-x86_64-new-TK, r-patched-linux-x86_64, r-release-linux-x86_64, r-release-macos-arm64, r-release-macos-x86_64, r-release-windows-ix86+x86_64