CRAN Package Check Results for Package DLL

Last updated on 2024-06-22 03:49:30 CEST.

Flavor Version Tinstall Tcheck Ttotal Status Flags
r-devel-linux-x86_64-debian-clang 1.0.0 8.07 73.88 81.95 OK
r-devel-linux-x86_64-debian-gcc 1.0.0 6.39 57.00 63.39 OK
r-devel-linux-x86_64-fedora-clang 1.0.0 102.56 NOTE
r-devel-linux-x86_64-fedora-gcc 1.0.0 98.13 NOTE
r-devel-windows-x86_64 1.0.0 7.00 70.00 77.00 OK
r-patched-linux-x86_64 1.0.0 8.37 73.55 81.92 OK
r-release-linux-x86_64 1.0.0 8.24 72.03 80.27 OK
r-release-macos-arm64 1.0.0 27.00 OK
r-release-macos-x86_64 1.0.0 52.00 OK
r-release-windows-x86_64 1.0.0 8.00 71.00 79.00 OK
r-oldrel-macos-arm64 1.0.0 35.00 OK
r-oldrel-macos-x86_64 1.0.0 56.00 OK
r-oldrel-windows-x86_64 1.0.0 10.00 82.00 92.00 OK

Check Details

Version: 1.0.0
Check: dependencies in R code
Result: NOTE Namespace in Imports field not imported from: ‘MASS’ All declared Imports should be used. Flavors: r-devel-linux-x86_64-fedora-clang, r-devel-linux-x86_64-fedora-gcc