CRAN Package Check Results for Package DHS.rates

Last updated on 2022-01-22 03:56:42 CET.

Flavor Version Tinstall Tcheck Ttotal Status Flags
r-devel-linux-x86_64-debian-clang 0.9.1 10.67 101.17 111.84 OK
r-devel-linux-x86_64-debian-gcc 0.9.1 5.82 74.40 80.22 OK
r-devel-linux-x86_64-fedora-clang 0.9.1 132.58 NOTE
r-devel-linux-x86_64-fedora-gcc 0.9.1 116.48 NOTE
r-devel-windows-x86_64-new-UL 0.9.1 33.00 118.00 151.00 OK
r-devel-windows-x86_64-new-TK 0.9.1 NOTE
r-patched-linux-x86_64 0.9.1 7.41 94.92 102.33 OK
r-release-linux-x86_64 0.9.1 6.32 93.32 99.64 OK
r-release-macos-arm64 0.9.1 NOTE
r-release-macos-x86_64 0.9.1 NOTE
r-release-windows-ix86+x86_64 0.9.1 20.00 109.00 129.00 OK
r-oldrel-macos-x86_64 0.9.1 NOTE
r-oldrel-windows-ix86+x86_64 0.9.1 18.00 113.00 131.00 OK

Check Details

Version: 0.9.1
Check: dependencies in R code
Result: NOTE
    Namespace in Imports field not imported from: ‘rlang’
     All declared Imports should be used.
Flavors: r-devel-linux-x86_64-fedora-clang, r-devel-linux-x86_64-fedora-gcc, r-devel-windows-x86_64-new-TK, r-release-macos-arm64, r-release-macos-x86_64, r-oldrel-macos-x86_64