CRAN Package Check Results for Package DGEobj.utils

Last updated on 2024-07-23 03:57:21 CEST.

Flavor Version Tinstall Tcheck Ttotal Status Flags
r-devel-linux-x86_64-debian-clang 1.0.6 7.55 162.49 170.04 NOTE
r-devel-linux-x86_64-debian-gcc 1.0.6 5.11 119.06 124.17 NOTE
r-devel-linux-x86_64-fedora-clang 1.0.6 218.59 NOTE
r-devel-linux-x86_64-fedora-gcc 1.0.6 214.18 NOTE
r-devel-windows-x86_64 1.0.6 11.00 155.00 166.00 NOTE
r-patched-linux-x86_64 1.0.6 5.69 155.57 161.26 NOTE
r-release-linux-x86_64 1.0.6 5.65 157.85 163.50 NOTE
r-release-macos-arm64 1.0.6 35.00 NOTE
r-release-macos-x86_64 1.0.6 149.00 NOTE
r-release-windows-x86_64 1.0.6 7.00 150.00 157.00 NOTE
r-oldrel-macos-arm64 1.0.6 34.00 NOTE
r-oldrel-macos-x86_64 1.0.6 57.00 NOTE
r-oldrel-windows-x86_64 1.0.6 9.00 177.00 186.00 OK

Check Details

Version: 1.0.6
Check: Rd files
Result: NOTE checkRd: (-1) runContrasts.Rd:79: Lost braces in \itemize; meant \describe ? checkRd: (-1) runContrasts.Rd:80: Lost braces in \itemize; meant \describe ? checkRd: (-1) runContrasts.Rd:81: Lost braces in \itemize; meant \describe ? checkRd: (-1) runContrasts.Rd:82: Lost braces in \itemize; meant \describe ? Flavors: r-devel-linux-x86_64-debian-clang, r-devel-linux-x86_64-debian-gcc, r-devel-linux-x86_64-fedora-clang, r-devel-linux-x86_64-fedora-gcc, r-devel-windows-x86_64, r-patched-linux-x86_64, r-release-linux-x86_64, r-release-macos-arm64, r-release-macos-x86_64, r-release-windows-x86_64

Version: 1.0.6
Check: package dependencies
Result: NOTE Package suggested but not available for checking: ‘zFPKM’ Flavor: r-release-macos-arm64

Version: 1.0.6
Check: package dependencies
Result: NOTE Packages suggested but not available for checking: 'IHW', 'RNASeqPower', 'zFPKM' Flavors: r-oldrel-macos-arm64, r-oldrel-macos-x86_64