CRAN Package Check Results for Package DGCA

Last updated on 2021-10-16 15:50:42 CEST.

Flavor Version Tinstall Tcheck Ttotal Status Flags
r-devel-linux-x86_64-debian-clang 1.0.2 25.04 270.25 295.29 OK
r-devel-linux-x86_64-debian-gcc 1.0.2 22.35 204.83 227.18 OK
r-devel-linux-x86_64-fedora-clang 1.0.2 383.43 OK
r-devel-linux-x86_64-fedora-gcc 1.0.2 368.37 OK
r-devel-windows-x86_64 1.0.2 47.00 229.00 276.00 NOTE
r-devel-windows-x86_64-gcc10-UCRT 1.0.2 NOTE
r-patched-linux-x86_64 1.0.2 30.89 247.02 277.91 OK
r-patched-solaris-x86 1.0.2 479.30 OK
r-release-linux-x86_64 1.0.2 29.63 245.82 275.45 OK
r-release-macos-arm64 1.0.2 OK
r-release-macos-x86_64 1.0.2 ERROR
r-release-windows-ix86+x86_64 1.0.2 72.00 301.00 373.00 NOTE
r-oldrel-macos-x86_64 1.0.2 OK
r-oldrel-windows-ix86+x86_64 1.0.2 67.00 258.00 325.00 NOTE

Check Details

Version: 1.0.2
Check: package dependencies
Result: NOTE
    Package suggested but not available for checking: 'doMC'
Flavors: r-devel-windows-x86_64, r-release-windows-ix86+x86_64, r-oldrel-windows-ix86+x86_64

Version: 1.0.2
Check: package dependencies
Result: NOTE
    Packages suggested but not available for checking: 'GOstats', 'doMC'
Flavor: r-devel-windows-x86_64-gcc10-UCRT

Version: 1.0.2
Check: package dependencies
Result: ERROR
    Package required but not available: ‘WGCNA’
    
    Package suggested but not available for checking: ‘org.Hs.eg.db’
    
    See section ‘The DESCRIPTION file’ in the ‘Writing R Extensions’
    manual.
Flavor: r-release-macos-x86_64