Last updated on 2023-01-31 03:00:40 CET.
Flavor | Version | Tinstall | Tcheck | Ttotal | Status | Flags |
---|---|---|---|---|---|---|
r-devel-linux-x86_64-debian-clang | 1.1.2 | 201.26 | 304.31 | 505.57 | OK | |
r-devel-linux-x86_64-debian-gcc | 1.1.2 | 160.01 | 253.45 | 413.46 | NOTE | |
r-devel-linux-x86_64-fedora-clang | 1.1.2 | 695.69 | NOTE | |||
r-devel-linux-x86_64-fedora-gcc | 1.1.2 | 642.05 | NOTE | |||
r-devel-windows-x86_64 | 1.1.2 | 207.00 | 379.00 | 586.00 | NOTE | |
r-patched-linux-x86_64 | 1.1.2 | 141.32 | 289.92 | 431.24 | OK | |
r-release-linux-x86_64 | 1.1.2 | 173.04 | 299.08 | 472.12 | OK | |
r-release-macos-arm64 | 1.1.2 | 155.00 | NOTE | |||
r-release-macos-x86_64 | 1.1.2 | 234.00 | NOTE | |||
r-release-windows-x86_64 | 1.1.2 | 179.00 | 381.00 | 560.00 | OK | |
r-oldrel-macos-arm64 | 1.1.2 | 166.00 | NOTE | |||
r-oldrel-macos-x86_64 | 1.1.2 | 192.00 | NOTE | |||
r-oldrel-windows-ix86+x86_64 | 1.1.2 | 508.00 | 566.00 | 1074.00 | NOTE |
Version: 1.1.2
Check: C++ specification
Result: NOTE
Specified C++11: please update to current default of C++17
Flavors: r-devel-linux-x86_64-debian-gcc, r-devel-linux-x86_64-fedora-clang, r-devel-linux-x86_64-fedora-gcc, r-devel-windows-x86_64
Version: 1.1.2
Check: installed package size
Result: NOTE
installed size is 8.2Mb
sub-directories of 1Mb or more:
data 1.9Mb
libs 5.6Mb
Flavors: r-release-macos-arm64, r-release-macos-x86_64, r-oldrel-macos-arm64, r-oldrel-macos-x86_64, r-oldrel-windows-ix86+x86_64