CRAN Package Check Results for Package DCPO

Last updated on 2021-11-30 15:52:18 CET.

Flavor Version Tinstall Tcheck Ttotal Status Flags
r-devel-linux-x86_64-debian-clang 0.5.3 309.40 104.91 414.31 NOTE
r-devel-linux-x86_64-debian-gcc 0.5.3 220.75 88.43 309.18 NOTE
r-devel-linux-x86_64-fedora-clang 0.5.3 624.17 NOTE
r-devel-linux-x86_64-fedora-gcc 0.5.3 603.43 NOTE
r-devel-windows-x86_64-new-UL 0.5.3 325.00 238.00 563.00 NOTE
r-devel-windows-x86_64-new-TK 0.5.3 WARN
r-devel-windows-x86_64-old 0.5.3 321.00 157.00 478.00 NOTE
r-patched-linux-x86_64 0.5.3 238.39 109.98 348.37 NOTE
r-patched-solaris-x86 0.5.3 530.30 NOTE
r-release-linux-x86_64 0.5.3 226.85 111.04 337.89 NOTE
r-release-macos-arm64 0.5.3 NOTE
r-release-macos-x86_64 0.5.3 NOTE
r-release-windows-ix86+x86_64 0.5.3 616.00 222.00 838.00 NOTE
r-oldrel-macos-x86_64 0.5.3 NOTE
r-oldrel-windows-ix86+x86_64 0.5.3 423.00 162.00 585.00 NOTE

Check Details

Version: 0.5.3
Check: for GNU extensions in Makefiles
Result: NOTE
    GNU make is a SystemRequirements.
Flavors: r-devel-linux-x86_64-debian-clang, r-devel-linux-x86_64-debian-gcc, r-devel-linux-x86_64-fedora-clang, r-devel-linux-x86_64-fedora-gcc, r-devel-windows-x86_64-new-UL, r-devel-windows-x86_64-new-TK, r-devel-windows-x86_64-old, r-patched-linux-x86_64, r-patched-solaris-x86, r-release-linux-x86_64, r-release-macos-arm64, r-release-macos-x86_64, r-release-windows-ix86+x86_64, r-oldrel-macos-x86_64, r-oldrel-windows-ix86+x86_64

Version: 0.5.3
Check: installed package size
Result: NOTE
     installed size is 46.0Mb
     sub-directories of 1Mb or more:
     libs 45.5Mb
Flavors: r-devel-linux-x86_64-fedora-clang, r-release-macos-arm64, r-release-macos-x86_64, r-release-windows-ix86+x86_64, r-oldrel-macos-x86_64, r-oldrel-windows-ix86+x86_64

Version: 0.5.3
Check: data for non-ASCII characters
Result: NOTE
     Note: found 38 marked UTF-8 strings
Flavors: r-devel-linux-x86_64-fedora-clang, r-devel-linux-x86_64-fedora-gcc, r-devel-windows-x86_64-new-TK, r-patched-solaris-x86, r-release-macos-arm64, r-release-macos-x86_64, r-oldrel-macos-x86_64

Version: 0.5.3
Check: line endings in C/C++/Fortran sources/headers
Result: NOTE
    Found the following sources/headers with CR or CRLF line endings:
     src/RcppExports.cpp
     src/stanExports_dcpo.h
     src/stanExports_dcpo_kfold.h
    Some Unix compilers require LF line endings.
Flavor: r-devel-windows-x86_64-new-TK

Version: 0.5.3
Check: line endings in Makefiles
Result: WARN
    Found the following Makefile(s) with CR or CRLF line endings:
     src/Makevars
    Some Unix 'make' programs require LF line endings.
Flavor: r-devel-windows-x86_64-new-TK