CRAN Package Check Results for Package DAISIE

Last updated on 2021-10-23 05:02:31 CEST.

Flavor Version Tinstall Tcheck Ttotal Status Flags
r-devel-linux-x86_64-debian-clang 3.0.1 18.83 480.48 499.31 OK
r-devel-linux-x86_64-debian-gcc 3.0.1 17.54 363.29 380.83 OK
r-devel-linux-x86_64-fedora-clang 3.0.1 594.65 OK
r-devel-linux-x86_64-fedora-gcc 3.0.1 587.43 OK
r-devel-windows-x86_64 3.0.1 31.00 621.00 652.00 NOTE
r-devel-windows-x86_64-gcc10-UCRT 3.0.1 NOTE
r-patched-linux-x86_64 3.0.1 20.92 466.79 487.71 OK
r-patched-solaris-x86 3.0.1 693.00 OK
r-release-linux-x86_64 3.0.1 15.37 467.95 483.32 OK
r-release-macos-arm64 3.0.1 NOTE
r-release-macos-x86_64 3.0.1 NOTE
r-release-windows-ix86+x86_64 3.0.1 22.00 791.00 813.00 NOTE
r-oldrel-macos-x86_64 3.0.1 NOTE
r-oldrel-windows-ix86+x86_64 3.0.1 36.00 897.00 933.00 NOTE

Check Details

Version: 3.0.1
Check: package dependencies
Result: NOTE
    Package which this enhances but not available for checking: 'doMC'
Flavors: r-devel-windows-x86_64, r-devel-windows-x86_64-gcc10-UCRT, r-release-windows-ix86+x86_64, r-oldrel-windows-ix86+x86_64

Version: 3.0.1
Check: package dependencies
Result: NOTE
    Package suggested but not available for checking: ‘ggtree’
Flavors: r-release-macos-arm64, r-release-macos-x86_64, r-oldrel-macos-x86_64