CRAN Package Check Results for Package Cyclops

Last updated on 2021-12-05 15:48:39 CET.

Flavor Version Tinstall Tcheck Ttotal Status Flags
r-devel-linux-x86_64-debian-clang 3.1.2 199.50 122.84 322.34 OK
r-devel-linux-x86_64-debian-gcc 3.1.2 157.46 99.86 257.32 OK
r-devel-linux-x86_64-fedora-clang 3.1.2 499.32 NOTE
r-devel-linux-x86_64-fedora-gcc 3.1.2 466.78 OK
r-devel-windows-x86_64-new-UL 3.1.2 268.00 216.00 484.00 OK
r-devel-windows-x86_64-new-TK 3.1.2 OK
r-devel-windows-x86_64-old 3.1.2 266.00 175.00 441.00 OK
r-patched-linux-x86_64 3.1.2 185.68 116.42 302.10 OK
r-release-linux-x86_64 3.1.2 180.62 125.58 306.20 OK
r-release-macos-arm64 3.1.2 NOTE
r-release-macos-x86_64 3.1.2 NOTE
r-release-windows-ix86+x86_64 3.1.2 481.00 229.00 710.00 NOTE
r-oldrel-macos-x86_64 3.1.2 NOTE
r-oldrel-windows-ix86+x86_64 3.1.2 481.00 231.00 712.00 NOTE

Check Details

Version: 3.1.2
Check: installed package size
Result: NOTE
     installed size is 22.1Mb
     sub-directories of 1Mb or more:
     libs 21.3Mb
Flavors: r-devel-linux-x86_64-fedora-clang, r-release-macos-arm64, r-release-macos-x86_64, r-release-windows-ix86+x86_64, r-oldrel-macos-x86_64, r-oldrel-windows-ix86+x86_64