CRAN Package Check Results for Package CovTools

Last updated on 2024-07-20 03:48:59 CEST.

Flavor Version Tinstall Tcheck Ttotal Status Flags
r-devel-linux-x86_64-debian-clang 0.5.4 69.16 108.85 178.01 NOTE
r-devel-linux-x86_64-debian-gcc 0.5.4 43.79 81.93 125.72 NOTE
r-devel-linux-x86_64-fedora-clang 0.5.4 261.25 NOTE
r-devel-linux-x86_64-fedora-gcc 0.5.4 248.00 NOTE
r-devel-windows-x86_64 0.5.4 56.00 120.00 176.00 NOTE
r-patched-linux-x86_64 0.5.4 71.22 105.00 176.22 NOTE
r-release-linux-x86_64 0.5.4 57.07 105.23 162.30 NOTE
r-release-macos-arm64 0.5.4 61.00 NOTE
r-release-macos-x86_64 0.5.4 82.00 NOTE
r-release-windows-x86_64 0.5.4 68.00 119.00 187.00 NOTE
r-oldrel-macos-arm64 0.5.4 66.00 NOTE
r-oldrel-macos-x86_64 0.5.4 113.00 NOTE
r-oldrel-windows-x86_64 0.5.4 82.00 147.00 229.00 NOTE

Check Details

Version: 0.5.4
Check: C++ specification
Result: NOTE Specified C++11: please drop specification unless essential Flavors: r-devel-linux-x86_64-debian-clang, r-devel-linux-x86_64-debian-gcc, r-devel-linux-x86_64-fedora-clang, r-devel-linux-x86_64-fedora-gcc, r-devel-windows-x86_64, r-patched-linux-x86_64, r-release-linux-x86_64, r-release-macos-arm64, r-release-macos-x86_64, r-release-windows-x86_64, r-oldrel-macos-arm64, r-oldrel-macos-x86_64, r-oldrel-windows-x86_64