CRAN Package Check Results for Package CovRegRF

Last updated on 2023-02-01 15:51:19 CET.

Flavor Version Tinstall Tcheck Ttotal Status Flags
r-devel-linux-x86_64-debian-clang 1.0.1 55.82 223.10 278.92 WARN
r-devel-linux-x86_64-debian-gcc 1.0.1 40.88 132.78 173.66 WARN
r-devel-linux-x86_64-fedora-clang 1.0.1 292.46 WARN
r-devel-linux-x86_64-fedora-gcc 1.0.1 271.90 WARN
r-devel-windows-x86_64 1.0.1 74.00 178.00 252.00 OK
r-patched-linux-x86_64 1.0.1 39.22 173.79 213.01 OK
r-release-linux-x86_64 1.0.1 34.00 171.45 205.45 OK
r-release-macos-arm64 1.0.1 75.00 OK
r-release-macos-x86_64 1.0.1 86.00 OK
r-release-windows-x86_64 1.0.1 111.00 185.00 296.00 OK
r-oldrel-macos-arm64 1.0.1 48.00 OK
r-oldrel-macos-x86_64 1.0.1 91.00 OK
r-oldrel-windows-ix86+x86_64 1.0.1 105.00 209.00 314.00 OK

Check Details

Version: 1.0.1
Check: whether package can be installed
Result: WARN
    Found the following significant warnings:
     ./randomForestSRC.h:412:33: warning: a function declaration without a prototype is deprecated in all versions of C [-Wstrict-prototypes]
     ./randomForestSRC.h:413:45: warning: a function declaration without a prototype is deprecated in all versions of C [-Wstrict-prototypes]
     ./randomForestSRC.h:609:15: warning: a function declaration without a prototype is deprecated in all versions of C [-Wstrict-prototypes]
     ./randomForestSRC.h:610:16: warning: a function declaration without a prototype is deprecated in all versions of C [-Wstrict-prototypes]
     ./randomForestSRC.h:612:24: warning: a function declaration without a prototype is deprecated in all versions of C [-Wstrict-prototypes]
     ./randomForestSRC.h:613:27: warning: a function declaration without a prototype is deprecated in all versions of C [-Wstrict-prototypes]
     ./randomForestSRC.h:924:20: warning: a function declaration without a prototype is deprecated in all versions of C [-Wstrict-prototypes]
     ./randomForestSRC.h:1002:27: warning: a function declaration without a prototype is deprecated in all versions of C [-Wstrict-prototypes]
     ./randomForestSRC.h:1163:40: warning: a function declaration without a prototype is deprecated in all versions of C [-Wstrict-prototypes]
     ./randomForestSRC.h:1164:41: warning: a function declaration without a prototype is deprecated in all versions of C [-Wstrict-prototypes]
     ./randomForestSRC.h:1355:33: warning: a function declaration without a prototype is deprecated in all versions of C [-Wstrict-prototypes]
     ./randomForestSRC.h:1509:22: warning: a function declaration without a prototype is deprecated in all versions of C [-Wstrict-prototypes]
     ./randomForestSRC.h:1514:22: warning: a function declaration without a prototype is deprecated in all versions of C [-Wstrict-prototypes]
     ./randomForestSRC.h:1515:37: warning: a function declaration without a prototype is deprecated in all versions of C [-Wstrict-prototypes]
     ./randomForestSRC.h:1874:39: warning: a function declaration without a prototype is deprecated in all versions of C [-Wstrict-prototypes]
     ./randomForestSRC.h:1875:36: warning: a function declaration without a prototype is deprecated in all versions of C [-Wstrict-prototypes]
     ./randomForestSRC.h:1888:17: warning: a function declaration without a prototype is deprecated in all versions of C [-Wstrict-prototypes]
     ./randomForestSRC.h:1895:22: warning: a function declaration without a prototype is deprecated in all versions of C [-Wstrict-prototypes]
     ./randomForestSRC.h:1906:33: warning: a function declaration without a prototype is deprecated in all versions of C [-Wstrict-prototypes]
     ./randomForestSRC.h:1907:35: warning: a function declaration without a prototype is deprecated in all versions of C [-Wstrict-prototypes]
     ./randomForestSRC.h:1908:34: warning: a function declaration without a prototype is deprecated in all versions of C [-Wstrict-prototypes]
     ./randomForestSRC.h:1909:36: warning: a function declaration without a prototype is deprecated in all versions of C [-Wstrict-prototypes]
     ./randomForestSRC.h:1910:34: warning: a function declaration without a prototype is deprecated in all versions of C [-Wstrict-prototypes]
     ./randomForestSRC.h:1911:36: warning: a function declaration without a prototype is deprecated in all versions of C [-Wstrict-prototypes]
     ./randomForestSRC.h:2003:13: warning: a function declaration without a prototype is deprecated in all versions of C [-Wstrict-prototypes]
     ./randomForestSRC.h:2004:23: warning: a function declaration without a prototype is deprecated in all versions of C [-Wstrict-prototypes]
     ./randomForestSRC.h:2223:12: warning: a function declaration without a prototype is deprecated in all versions of C [-Wstrict-prototypes]
     ./randomForestSRC.h:2225:24: warning: a function declaration without a prototype is deprecated in all versions of C [-Wstrict-prototypes]
     ./randomForestSRC.h:2242:23: warning: a function declaration without a prototype is deprecated in all versions of C [-Wstrict-prototypes]
     randomForestSRC.c:3077:15: warning: a function declaration without a prototype is deprecated in all versions of C [-Wstrict-prototypes]
     randomForestSRC.c:3079:16: warning: a function declaration without a prototype is deprecated in all versions of C [-Wstrict-prototypes]
     randomForestSRC.c:3083:24: warning: a function declaration without a prototype is deprecated in all versions of C [-Wstrict-prototypes]
     randomForestSRC.c:3184:27: warning: a function declaration without a prototype is deprecated in all versions of C [-Wstrict-prototypes]
     randomForestSRC.c:6492:33: warning: a function declaration without a prototype is deprecated in all versions of C [-Wstrict-prototypes]
     randomForestSRC.c:6504:45: warning: a function declaration without a prototype is deprecated in all versions of C [-Wstrict-prototypes]
     randomForestSRC.c:7706:20: warning: a function declaration without a prototype is deprecated in all versions of C [-Wstrict-prototypes]
     randomForestSRC.c:9300:27: warning: a function declaration without a prototype is deprecated in all versions of C [-Wstrict-prototypes]
     randomForestSRC.c:11641:40: warning: a function declaration without a prototype is deprecated in all versions of C [-Wstrict-prototypes]
     randomForestSRC.c:11645:41: warning: a function declaration without a prototype is deprecated in all versions of C [-Wstrict-prototypes]
     ./splitCustom.h:22:29: warning: a function declaration without a prototype is deprecated in all versions of C [-Wstrict-prototypes]
     randomForestSRC.c:16052:33: warning: a function declaration without a prototype is deprecated in all versions of C [-Wstrict-prototypes]
     randomForestSRC.c:21074:22: warning: a function declaration without a prototype is deprecated in all versions of C [-Wstrict-prototypes]
     randomForestSRC.c:21120:22: warning: a function declaration without a prototype is deprecated in all versions of C [-Wstrict-prototypes]
     randomForestSRC.c:21506:37: warning: a function declaration without a prototype is deprecated in all versions of C [-Wstrict-prototypes]
     randomForestSRC.c:28716:39: warning: a function declaration without a prototype is deprecated in all versions of C [-Wstrict-prototypes]
     randomForestSRC.c:29033:17: warning: a function declaration without a prototype is deprecated in all versions of C [-Wstrict-prototypes]
     randomForestSRC.c:29483:33: warning: a function declaration without a prototype is deprecated in all versions of C [-Wstrict-prototypes]
     randomForestSRC.c:29530:35: warning: a function declaration without a prototype is deprecated in all versions of C [-Wstrict-prototypes]
     randomForestSRC.c:29549:34: warning: a function declaration without a prototype is deprecated in all versions of C [-Wstrict-prototypes]
     randomForestSRC.c:29562:36: warning: a function declaration without a prototype is deprecated in all versions of C [-Wstrict-prototypes]
     randomForestSRC.c:29567:34: warning: a function declaration without a prototype is deprecated in all versions of C [-Wstrict-prototypes]
     randomForestSRC.c:29590:36: warning: a function declaration without a prototype is deprecated in all versions of C [-Wstrict-prototypes]
     randomForestSRC.c:29599:22: warning: a function declaration without a prototype is deprecated in all versions of C [-Wstrict-prototypes]
     randomForestSRC.c:31181:13: warning: a function declaration without a prototype is deprecated in all versions of C [-Wstrict-prototypes]
     randomForestSRC.c:31244:23: warning: a function declaration without a prototype is deprecated in all versions of C [-Wstrict-prototypes]
     randomForestSRC.c:34996:12: warning: a function declaration without a prototype is deprecated in all versions of C [-Wstrict-prototypes]
     randomForestSRC.c:35009:24: warning: a function declaration without a prototype is deprecated in all versions of C [-Wstrict-prototypes]
     randomForestSRC.c:35185:23: warning: a function declaration without a prototype is deprecated in all versions of C [-Wstrict-prototypes]
     ../inst/include/lapacke.h:161:25: warning: a function declaration without a prototype is deprecated in all versions of C [-Wstrict-prototypes]
     ../inst/include/lapacke/lapacke_nancheck.h:38:32: warning: a function declaration without a prototype is deprecated in all versions of C [-Wstrict-prototypes]
     splitCustom.c:24:29: warning: a function declaration without a prototype is deprecated in all versions of C [-Wstrict-prototypes]
    See ‘/home/hornik/tmp/R.check/r-devel-clang/Work/PKGS/CovRegRF.Rcheck/00install.out’ for details.
    * used C compiler: ‘Debian clang version 15.0.6’
Flavor: r-devel-linux-x86_64-debian-clang

Version: 1.0.1
Check: compiled code
Result: WARN
    File ‘CovRegRF/libs/CovRegRF.so’:
     Found ‘__vsprintf_chk’, possibly from ‘vsprintf’ (C)
     Object: ‘randomForestSRC.o’
    
    Compiled code should not call entry points which might terminate R nor
    write to stdout/stderr instead of to the console, nor use Fortran I/O
    nor system RNGs nor [v]sprintf.
    
    See ‘Writing portable packages’ in the ‘Writing R Extensions’ manual.
Flavors: r-devel-linux-x86_64-debian-clang, r-devel-linux-x86_64-debian-gcc, r-devel-linux-x86_64-fedora-gcc

Version: 1.0.1
Check: whether package can be installed
Result: WARN
    Found the following significant warnings:
     randomForestSRC.h:412:1: warning: function declaration isn’t a prototype [-Wstrict-prototypes]
     randomForestSRC.h:413:1: warning: function declaration isn’t a prototype [-Wstrict-prototypes]
     randomForestSRC.h:609:1: warning: function declaration isn’t a prototype [-Wstrict-prototypes]
     randomForestSRC.h:610:1: warning: function declaration isn’t a prototype [-Wstrict-prototypes]
     randomForestSRC.h:612:1: warning: function declaration isn’t a prototype [-Wstrict-prototypes]
     randomForestSRC.h:613:1: warning: function declaration isn’t a prototype [-Wstrict-prototypes]
     randomForestSRC.h:924:1: warning: function declaration isn’t a prototype [-Wstrict-prototypes]
     randomForestSRC.h:1002:1: warning: function declaration isn’t a prototype [-Wstrict-prototypes]
     randomForestSRC.h:1163:1: warning: function declaration isn’t a prototype [-Wstrict-prototypes]
     randomForestSRC.h:1164:1: warning: function declaration isn’t a prototype [-Wstrict-prototypes]
     randomForestSRC.h:1355:1: warning: function declaration isn’t a prototype [-Wstrict-prototypes]
     randomForestSRC.h:1509:1: warning: function declaration isn’t a prototype [-Wstrict-prototypes]
     randomForestSRC.h:1514:1: warning: function declaration isn’t a prototype [-Wstrict-prototypes]
     randomForestSRC.h:1515:1: warning: function declaration isn’t a prototype [-Wstrict-prototypes]
     randomForestSRC.h:1874:1: warning: function declaration isn’t a prototype [-Wstrict-prototypes]
     randomForestSRC.h:1875:1: warning: function declaration isn’t a prototype [-Wstrict-prototypes]
     randomForestSRC.h:1888:1: warning: function declaration isn’t a prototype [-Wstrict-prototypes]
     randomForestSRC.h:1895:1: warning: function declaration isn’t a prototype [-Wstrict-prototypes]
     randomForestSRC.h:1906:1: warning: function declaration isn’t a prototype [-Wstrict-prototypes]
     randomForestSRC.h:1907:1: warning: function declaration isn’t a prototype [-Wstrict-prototypes]
     randomForestSRC.h:1908:1: warning: function declaration isn’t a prototype [-Wstrict-prototypes]
     randomForestSRC.h:1909:1: warning: function declaration isn’t a prototype [-Wstrict-prototypes]
     randomForestSRC.h:1910:1: warning: function declaration isn’t a prototype [-Wstrict-prototypes]
     randomForestSRC.h:1911:1: warning: function declaration isn’t a prototype [-Wstrict-prototypes]
     randomForestSRC.h:2003:1: warning: function declaration isn’t a prototype [-Wstrict-prototypes]
     randomForestSRC.h:2004:1: warning: function declaration isn’t a prototype [-Wstrict-prototypes]
     randomForestSRC.h:2223:1: warning: function declaration isn’t a prototype [-Wstrict-prototypes]
     randomForestSRC.h:2225:1: warning: function declaration isn’t a prototype [-Wstrict-prototypes]
     randomForestSRC.h:2242:1: warning: function declaration isn’t a prototype [-Wstrict-prototypes]
     randomForestSRC.c:3077:6: warning: function declaration isn’t a prototype [-Wstrict-prototypes]
     randomForestSRC.c:3079:6: warning: function declaration isn’t a prototype [-Wstrict-prototypes]
     randomForestSRC.c:3083:6: warning: function declaration isn’t a prototype [-Wstrict-prototypes]
     randomForestSRC.c:3184:6: warning: function declaration isn’t a prototype [-Wstrict-prototypes]
     randomForestSRC.c:6492:16: warning: function declaration isn’t a prototype [-Wstrict-prototypes]
     randomForestSRC.c:6504:22: warning: function declaration isn’t a prototype [-Wstrict-prototypes]
     randomForestSRC.c:7706:6: warning: function declaration isn’t a prototype [-Wstrict-prototypes]
     randomForestSRC.c:9300:13: warning: function declaration isn’t a prototype [-Wstrict-prototypes]
     randomForestSRC.c:11641:18: warning: function declaration isn’t a prototype [-Wstrict-prototypes]
     randomForestSRC.c:11645:18: warning: function declaration isn’t a prototype [-Wstrict-prototypes]
     splitCustom.h:22:1: warning: function declaration isn’t a prototype [-Wstrict-prototypes]
     randomForestSRC.c:16052:16: warning: function declaration isn’t a prototype [-Wstrict-prototypes]
     randomForestSRC.c:21074:6: warning: function declaration isn’t a prototype [-Wstrict-prototypes]
     randomForestSRC.c:21120:6: warning: function declaration isn’t a prototype [-Wstrict-prototypes]
     randomForestSRC.c:21506:18: warning: function declaration isn’t a prototype [-Wstrict-prototypes]
     randomForestSRC.c:28716:6: warning: function declaration isn’t a prototype [-Wstrict-prototypes]
     randomForestSRC.c:29033:6: warning: function declaration isn’t a prototype [-Wstrict-prototypes]
     randomForestSRC.c:29483:6: warning: function declaration isn’t a prototype [-Wstrict-prototypes]
     randomForestSRC.c:29530:6: warning: function declaration isn’t a prototype [-Wstrict-prototypes]
     randomForestSRC.c:29549:6: warning: function declaration isn’t a prototype [-Wstrict-prototypes]
     randomForestSRC.c:29562:6: warning: function declaration isn’t a prototype [-Wstrict-prototypes]
     randomForestSRC.c:29567:6: warning: function declaration isn’t a prototype [-Wstrict-prototypes]
     randomForestSRC.c:29590:6: warning: function declaration isn’t a prototype [-Wstrict-prototypes]
     randomForestSRC.c:29599:6: warning: function declaration isn’t a prototype [-Wstrict-prototypes]
     randomForestSRC.c:31181:6: warning: function declaration isn’t a prototype [-Wstrict-prototypes]
     randomForestSRC.c:31244:11: warning: function declaration isn’t a prototype [-Wstrict-prototypes]
     randomForestSRC.c:34996:6: warning: function declaration isn’t a prototype [-Wstrict-prototypes]
     randomForestSRC.c:35009:6: warning: function declaration isn’t a prototype [-Wstrict-prototypes]
     randomForestSRC.c:35185:6: warning: function declaration isn’t a prototype [-Wstrict-prototypes]
     ../inst/include/lapacke.h:161:1: warning: function declaration isn’t a prototype [-Wstrict-prototypes]
     ../inst/include/lapacke/lapacke_nancheck.h:38:12: warning: function declaration isn’t a prototype [-Wstrict-prototypes]
     splitCustom.c:24:6: warning: function declaration isn’t a prototype [-Wstrict-prototypes]
    See ‘/home/hornik/tmp/R.check/r-devel-gcc/Work/PKGS/CovRegRF.Rcheck/00install.out’ for details.
    * used C compiler: ‘gcc-12 (Debian 12.2.0-14) 12.2.0’
Flavor: r-devel-linux-x86_64-debian-gcc

Version: 1.0.1
Check: whether package can be installed
Result: WARN
    Found the following significant warnings:
     ./splitCustom.h:22:29: warning: a function declaration without a prototype is deprecated in all versions of C [-Wstrict-prototypes]
     ./randomForestSRC.h:412:33: warning: a function declaration without a prototype is deprecated in all versions of C [-Wstrict-prototypes]
     ./randomForestSRC.h:413:45: warning: a function declaration without a prototype is deprecated in all versions of C [-Wstrict-prototypes]
     ./randomForestSRC.h:609:15: warning: a function declaration without a prototype is deprecated in all versions of C [-Wstrict-prototypes]
     ./randomForestSRC.h:610:16: warning: a function declaration without a prototype is deprecated in all versions of C [-Wstrict-prototypes]
     ./randomForestSRC.h:612:24: warning: a function declaration without a prototype is deprecated in all versions of C [-Wstrict-prototypes]
     ./randomForestSRC.h:613:27: warning: a function declaration without a prototype is deprecated in all versions of C [-Wstrict-prototypes]
     ./randomForestSRC.h:924:20: warning: a function declaration without a prototype is deprecated in all versions of C [-Wstrict-prototypes]
     ./randomForestSRC.h:1002:27: warning: a function declaration without a prototype is deprecated in all versions of C [-Wstrict-prototypes]
     ./randomForestSRC.h:1163:40: warning: a function declaration without a prototype is deprecated in all versions of C [-Wstrict-prototypes]
     ./randomForestSRC.h:1164:41: warning: a function declaration without a prototype is deprecated in all versions of C [-Wstrict-prototypes]
     ./randomForestSRC.h:1355:33: warning: a function declaration without a prototype is deprecated in all versions of C [-Wstrict-prototypes]
     ./randomForestSRC.h:1509:22: warning: a function declaration without a prototype is deprecated in all versions of C [-Wstrict-prototypes]
     ./randomForestSRC.h:1514:22: warning: a function declaration without a prototype is deprecated in all versions of C [-Wstrict-prototypes]
     ./randomForestSRC.h:1515:37: warning: a function declaration without a prototype is deprecated in all versions of C [-Wstrict-prototypes]
     ./randomForestSRC.h:1874:39: warning: a function declaration without a prototype is deprecated in all versions of C [-Wstrict-prototypes]
     ./randomForestSRC.h:1875:36: warning: a function declaration without a prototype is deprecated in all versions of C [-Wstrict-prototypes]
     ./randomForestSRC.h:1888:17: warning: a function declaration without a prototype is deprecated in all versions of C [-Wstrict-prototypes]
     ./randomForestSRC.h:1895:22: warning: a function declaration without a prototype is deprecated in all versions of C [-Wstrict-prototypes]
     ./randomForestSRC.h:1906:33: warning: a function declaration without a prototype is deprecated in all versions of C [-Wstrict-prototypes]
     ./randomForestSRC.h:1907:35: warning: a function declaration without a prototype is deprecated in all versions of C [-Wstrict-prototypes]
     ./randomForestSRC.h:1908:34: warning: a function declaration without a prototype is deprecated in all versions of C [-Wstrict-prototypes]
     ./randomForestSRC.h:1909:36: warning: a function declaration without a prototype is deprecated in all versions of C [-Wstrict-prototypes]
     ./randomForestSRC.h:1910:34: warning: a function declaration without a prototype is deprecated in all versions of C [-Wstrict-prototypes]
     ./randomForestSRC.h:1911:36: warning: a function declaration without a prototype is deprecated in all versions of C [-Wstrict-prototypes]
     ./randomForestSRC.h:2003:13: warning: a function declaration without a prototype is deprecated in all versions of C [-Wstrict-prototypes]
     ./randomForestSRC.h:2004:23: warning: a function declaration without a prototype is deprecated in all versions of C [-Wstrict-prototypes]
     ./randomForestSRC.h:2223:12: warning: a function declaration without a prototype is deprecated in all versions of C [-Wstrict-prototypes]
     ./randomForestSRC.h:2225:24: warning: a function declaration without a prototype is deprecated in all versions of C [-Wstrict-prototypes]
     ./randomForestSRC.h:2242:23: warning: a function declaration without a prototype is deprecated in all versions of C [-Wstrict-prototypes]
     randomForestSRC.c:3077:15: warning: a function declaration without a prototype is deprecated in all versions of C [-Wstrict-prototypes]
     randomForestSRC.c:3079:16: warning: a function declaration without a prototype is deprecated in all versions of C [-Wstrict-prototypes]
     randomForestSRC.c:3083:24: warning: a function declaration without a prototype is deprecated in all versions of C [-Wstrict-prototypes]
     randomForestSRC.c:3184:27: warning: a function declaration without a prototype is deprecated in all versions of C [-Wstrict-prototypes]
     ../inst/include/lapacke.h:161:25: warning: a function declaration without a prototype is deprecated in all versions of C [-Wstrict-prototypes]
     ../inst/include/lapacke/lapacke_nancheck.h:38:32: warning: a function declaration without a prototype is deprecated in all versions of C [-Wstrict-prototypes]
     splitCustom.c:24:29: warning: a function declaration without a prototype is deprecated in all versions of C [-Wstrict-prototypes]
     randomForestSRC.c:6492:33: warning: a function declaration without a prototype is deprecated in all versions of C [-Wstrict-prototypes]
     randomForestSRC.c:6504:45: warning: a function declaration without a prototype is deprecated in all versions of C [-Wstrict-prototypes]
     randomForestSRC.c:7706:20: warning: a function declaration without a prototype is deprecated in all versions of C [-Wstrict-prototypes]
     randomForestSRC.c:9300:27: warning: a function declaration without a prototype is deprecated in all versions of C [-Wstrict-prototypes]
     randomForestSRC.c:11641:40: warning: a function declaration without a prototype is deprecated in all versions of C [-Wstrict-prototypes]
     randomForestSRC.c:11645:41: warning: a function declaration without a prototype is deprecated in all versions of C [-Wstrict-prototypes]
     randomForestSRC.c:16052:33: warning: a function declaration without a prototype is deprecated in all versions of C [-Wstrict-prototypes]
     randomForestSRC.c:21074:22: warning: a function declaration without a prototype is deprecated in all versions of C [-Wstrict-prototypes]
     randomForestSRC.c:21120:22: warning: a function declaration without a prototype is deprecated in all versions of C [-Wstrict-prototypes]
     randomForestSRC.c:21506:37: warning: a function declaration without a prototype is deprecated in all versions of C [-Wstrict-prototypes]
     randomForestSRC.c:28716:39: warning: a function declaration without a prototype is deprecated in all versions of C [-Wstrict-prototypes]
     randomForestSRC.c:29033:17: warning: a function declaration without a prototype is deprecated in all versions of C [-Wstrict-prototypes]
     randomForestSRC.c:29483:33: warning: a function declaration without a prototype is deprecated in all versions of C [-Wstrict-prototypes]
     randomForestSRC.c:29530:35: warning: a function declaration without a prototype is deprecated in all versions of C [-Wstrict-prototypes]
     randomForestSRC.c:29549:34: warning: a function declaration without a prototype is deprecated in all versions of C [-Wstrict-prototypes]
     randomForestSRC.c:29562:36: warning: a function declaration without a prototype is deprecated in all versions of C [-Wstrict-prototypes]
     randomForestSRC.c:29567:34: warning: a function declaration without a prototype is deprecated in all versions of C [-Wstrict-prototypes]
     randomForestSRC.c:29590:36: warning: a function declaration without a prototype is deprecated in all versions of C [-Wstrict-prototypes]
     randomForestSRC.c:29599:22: warning: a function declaration without a prototype is deprecated in all versions of C [-Wstrict-prototypes]
     randomForestSRC.c:31181:13: warning: a function declaration without a prototype is deprecated in all versions of C [-Wstrict-prototypes]
     randomForestSRC.c:31244:23: warning: a function declaration without a prototype is deprecated in all versions of C [-Wstrict-prototypes]
     randomForestSRC.c:34996:12: warning: a function declaration without a prototype is deprecated in all versions of C [-Wstrict-prototypes]
     randomForestSRC.c:35009:24: warning: a function declaration without a prototype is deprecated in all versions of C [-Wstrict-prototypes]
     randomForestSRC.c:35185:23: warning: a function declaration without a prototype is deprecated in all versions of C [-Wstrict-prototypes]
    See ‘/data/gannet/ripley/R/packages/tests-clang/CovRegRF.Rcheck/00install.out’ for details.
    * used C compiler: ‘clang version 15.0.7’
Flavor: r-devel-linux-x86_64-fedora-clang

Version: 1.0.1
Check: compiled code
Result: WARN
    File ‘CovRegRF/libs/CovRegRF.so’:
     Found ‘vsprintf’, possibly from ‘vsprintf’ (C)
     Object: ‘randomForestSRC.o’
    
    Compiled code should not call entry points which might terminate R nor
    write to stdout/stderr instead of to the console, nor use Fortran I/O
    nor system RNGs nor [v]sprintf.
    
    See ‘Writing portable packages’ in the ‘Writing R Extensions’ manual.
Flavor: r-devel-linux-x86_64-fedora-clang

Version: 1.0.1
Check: whether package can be installed
Result: WARN
    Found the following significant warnings:
     randomForestSRC.h:412:1: warning: function declaration isn’t a prototype [-Wstrict-prototypes]
     randomForestSRC.h:413:1: warning: function declaration isn’t a prototype [-Wstrict-prototypes]
     randomForestSRC.h:609:1: warning: function declaration isn’t a prototype [-Wstrict-prototypes]
     randomForestSRC.h:610:1: warning: function declaration isn’t a prototype [-Wstrict-prototypes]
     randomForestSRC.h:612:1: warning: function declaration isn’t a prototype [-Wstrict-prototypes]
     randomForestSRC.h:613:1: warning: function declaration isn’t a prototype [-Wstrict-prototypes]
     randomForestSRC.h:924:1: warning: function declaration isn’t a prototype [-Wstrict-prototypes]
     randomForestSRC.h:1002:1: warning: function declaration isn’t a prototype [-Wstrict-prototypes]
     randomForestSRC.h:1163:1: warning: function declaration isn’t a prototype [-Wstrict-prototypes]
     randomForestSRC.h:1164:1: warning: function declaration isn’t a prototype [-Wstrict-prototypes]
     randomForestSRC.h:1355:1: warning: function declaration isn’t a prototype [-Wstrict-prototypes]
     randomForestSRC.h:1509:1: warning: function declaration isn’t a prototype [-Wstrict-prototypes]
     randomForestSRC.h:1514:1: warning: function declaration isn’t a prototype [-Wstrict-prototypes]
     randomForestSRC.h:1515:1: warning: function declaration isn’t a prototype [-Wstrict-prototypes]
     randomForestSRC.h:1874:1: warning: function declaration isn’t a prototype [-Wstrict-prototypes]
     randomForestSRC.h:1875:1: warning: function declaration isn’t a prototype [-Wstrict-prototypes]
     randomForestSRC.h:1888:1: warning: function declaration isn’t a prototype [-Wstrict-prototypes]
     randomForestSRC.h:1895:1: warning: function declaration isn’t a prototype [-Wstrict-prototypes]
     randomForestSRC.h:1906:1: warning: function declaration isn’t a prototype [-Wstrict-prototypes]
     randomForestSRC.h:1907:1: warning: function declaration isn’t a prototype [-Wstrict-prototypes]
     randomForestSRC.h:1908:1: warning: function declaration isn’t a prototype [-Wstrict-prototypes]
     randomForestSRC.h:1909:1: warning: function declaration isn’t a prototype [-Wstrict-prototypes]
     randomForestSRC.h:1910:1: warning: function declaration isn’t a prototype [-Wstrict-prototypes]
     randomForestSRC.h:1911:1: warning: function declaration isn’t a prototype [-Wstrict-prototypes]
     randomForestSRC.h:2003:1: warning: function declaration isn’t a prototype [-Wstrict-prototypes]
     randomForestSRC.h:2004:1: warning: function declaration isn’t a prototype [-Wstrict-prototypes]
     randomForestSRC.h:2223:1: warning: function declaration isn’t a prototype [-Wstrict-prototypes]
     randomForestSRC.h:2225:1: warning: function declaration isn’t a prototype [-Wstrict-prototypes]
     randomForestSRC.h:2242:1: warning: function declaration isn’t a prototype [-Wstrict-prototypes]
     randomForestSRC.c:3077:6: warning: function declaration isn’t a prototype [-Wstrict-prototypes]
     randomForestSRC.c:3079:6: warning: function declaration isn’t a prototype [-Wstrict-prototypes]
     randomForestSRC.c:3083:6: warning: function declaration isn’t a prototype [-Wstrict-prototypes]
     randomForestSRC.c:3184:6: warning: function declaration isn’t a prototype [-Wstrict-prototypes]
     randomForestSRC.c:6492:16: warning: function declaration isn’t a prototype [-Wstrict-prototypes]
     randomForestSRC.c:6504:22: warning: function declaration isn’t a prototype [-Wstrict-prototypes]
     randomForestSRC.c:7706:6: warning: function declaration isn’t a prototype [-Wstrict-prototypes]
     randomForestSRC.c:9300:13: warning: function declaration isn’t a prototype [-Wstrict-prototypes]
     randomForestSRC.c:11641:18: warning: function declaration isn’t a prototype [-Wstrict-prototypes]
     randomForestSRC.c:11645:18: warning: function declaration isn’t a prototype [-Wstrict-prototypes]
     splitCustom.h:22:1: warning: function declaration isn’t a prototype [-Wstrict-prototypes]
     randomForestSRC.c:16052:16: warning: function declaration isn’t a prototype [-Wstrict-prototypes]
     randomForestSRC.c:21074:6: warning: function declaration isn’t a prototype [-Wstrict-prototypes]
     randomForestSRC.c:21120:6: warning: function declaration isn’t a prototype [-Wstrict-prototypes]
     randomForestSRC.c:21506:18: warning: function declaration isn’t a prototype [-Wstrict-prototypes]
     randomForestSRC.c:28716:6: warning: function declaration isn’t a prototype [-Wstrict-prototypes]
     randomForestSRC.c:29033:6: warning: function declaration isn’t a prototype [-Wstrict-prototypes]
     randomForestSRC.c:29483:6: warning: function declaration isn’t a prototype [-Wstrict-prototypes]
     randomForestSRC.c:29530:6: warning: function declaration isn’t a prototype [-Wstrict-prototypes]
     randomForestSRC.c:29549:6: warning: function declaration isn’t a prototype [-Wstrict-prototypes]
     randomForestSRC.c:29562:6: warning: function declaration isn’t a prototype [-Wstrict-prototypes]
     randomForestSRC.c:29567:6: warning: function declaration isn’t a prototype [-Wstrict-prototypes]
     randomForestSRC.c:29590:6: warning: function declaration isn’t a prototype [-Wstrict-prototypes]
     randomForestSRC.c:29599:6: warning: function declaration isn’t a prototype [-Wstrict-prototypes]
     randomForestSRC.c:31181:6: warning: function declaration isn’t a prototype [-Wstrict-prototypes]
     randomForestSRC.c:31244:11: warning: function declaration isn’t a prototype [-Wstrict-prototypes]
     randomForestSRC.c:34996:6: warning: function declaration isn’t a prototype [-Wstrict-prototypes]
     randomForestSRC.c:35009:6: warning: function declaration isn’t a prototype [-Wstrict-prototypes]
     randomForestSRC.c:35185:6: warning: function declaration isn’t a prototype [-Wstrict-prototypes]
     ../inst/include/lapacke.h:161:1: warning: function declaration isn’t a prototype [-Wstrict-prototypes]
     ../inst/include/lapacke/lapacke_nancheck.h:38:12: warning: function declaration isn’t a prototype [-Wstrict-prototypes]
     splitCustom.c:24:6: warning: function declaration isn’t a prototype [-Wstrict-prototypes]
    See ‘/data/gannet/ripley/R/packages/tests-devel/CovRegRF.Rcheck/00install.out’ for details.
    * used C compiler: ‘gcc (GCC) 12.2.1 20221121 (Red Hat 12.2.1-4)’
Flavor: r-devel-linux-x86_64-fedora-gcc