CRAN Package Check Results for Package CountsEPPM

Last updated on 2022-01-23 15:49:03 CET.

Flavor Version Tinstall Tcheck Ttotal Status Flags
r-devel-linux-x86_64-debian-clang 3.0 7.17 100.70 107.87 OK
r-devel-linux-x86_64-debian-gcc 3.0 9.54 88.30 97.84 OK
r-devel-linux-x86_64-fedora-clang 3.0 141.70 NOTE
r-devel-linux-x86_64-fedora-gcc 3.0 126.90 OK
r-devel-windows-x86_64-new-UL 3.0 81.00 146.00 227.00 OK
r-devel-windows-x86_64-new-TK 3.0 OK
r-patched-linux-x86_64 3.0 11.64 98.85 110.49 OK
r-release-linux-x86_64 3.0 11.65 98.97 110.62 OK
r-release-macos-arm64 3.0 OK
r-release-macos-x86_64 3.0 OK
r-release-windows-ix86+x86_64 3.0 20.00 123.00 143.00 OK
r-oldrel-macos-x86_64 3.0 OK
r-oldrel-windows-ix86+x86_64 3.0 20.00 122.00 142.00 OK

Check Details

Version: 3.0
Check: Rd cross-references
Result: NOTE
    Undeclared package ‘betareg’ in Rd xrefs
Flavor: r-devel-linux-x86_64-fedora-clang