CRAN Package Check Results for Package CooccurrenceAffinity

Last updated on 2025-04-30 03:50:50 CEST.

Flavor Version Tinstall Tcheck Ttotal Status Flags
r-devel-linux-x86_64-debian-clang 1.0 6.64 63.69 70.33 NOTE
r-devel-linux-x86_64-debian-gcc 1.0 4.00 43.63 47.63 NOTE
r-devel-linux-x86_64-fedora-clang 1.0 100.92 NOTE
r-devel-linux-x86_64-fedora-gcc 1.0 93.43 NOTE
r-devel-windows-x86_64 1.0 8.00 81.00 89.00 NOTE
r-patched-linux-x86_64 1.0 6.24 58.44 64.68 NOTE
r-release-linux-x86_64 1.0 6.46 57.33 63.79 NOTE
r-release-macos-arm64 1.0 34.00 NOTE
r-release-macos-x86_64 1.0 79.00 NOTE
r-release-windows-x86_64 1.0 9.00 81.00 90.00 NOTE
r-oldrel-macos-arm64 1.0 29.00 NOTE
r-oldrel-macos-x86_64 1.0 60.00 NOTE
r-oldrel-windows-x86_64 1.0 10.00 95.00 105.00 NOTE

Check Details

Version: 1.0
Check: Rd files
Result: NOTE checkRd: (-1) CovrgPlot.Rd:28: Lost braces; missing escapes or markup? 28 | \item{plotCI}{a vector of up to 4 numbers out of the set {1,2,3,4}, corresponding to which | ^ Flavors: r-devel-linux-x86_64-debian-clang, r-devel-linux-x86_64-debian-gcc, r-devel-linux-x86_64-fedora-clang, r-devel-linux-x86_64-fedora-gcc, r-devel-windows-x86_64, r-patched-linux-x86_64, r-release-linux-x86_64, r-release-macos-arm64, r-release-macos-x86_64, r-release-windows-x86_64, r-oldrel-macos-arm64, r-oldrel-macos-x86_64, r-oldrel-windows-x86_64

Version: 1.0
Check: examples
Result: NOTE Examples with CPU (user + system) or elapsed time > 5s user system elapsed CovrgPlot 4.653 0.055 5.825 Covrg 3.922 0.044 5.068 Flavor: r-devel-linux-x86_64-debian-clang