CRAN Package Check Results for Package CondIndTests

Last updated on 2022-05-22 03:51:22 CEST.

Flavor Version Tinstall Tcheck Ttotal Status Flags
r-devel-linux-x86_64-debian-clang 0.1.5 11.65 376.94 388.59 NOTE
r-devel-linux-x86_64-debian-gcc 0.1.5 9.07 307.68 316.75 NOTE
r-devel-linux-x86_64-fedora-clang 0.1.5 481.01 NOTE
r-devel-linux-x86_64-fedora-gcc 0.1.5 485.48 NOTE
r-devel-windows-x86_64 0.1.5 31.00 396.00 427.00 NOTE
r-patched-linux-x86_64 0.1.5 11.28 362.79 374.07 NOTE
r-release-linux-x86_64 0.1.5 10.16 344.35 354.51 NOTE
r-release-macos-arm64 0.1.5 183.00 NOTE
r-release-macos-x86_64 0.1.5 232.00 NOTE
r-release-windows-x86_64 0.1.5 35.00 407.00 442.00 NOTE
r-oldrel-macos-arm64 0.1.5 205.00 NOTE
r-oldrel-macos-x86_64 0.1.5 359.00 NOTE
r-oldrel-windows-ix86+x86_64 0.1.5 25.00 434.00 459.00 NOTE

Check Details

Version: 0.1.5
Check: LazyData
Result: NOTE
     'LazyData' is specified without a 'data' directory
Flavors: r-devel-linux-x86_64-debian-clang, r-devel-linux-x86_64-debian-gcc, r-devel-linux-x86_64-fedora-clang, r-devel-linux-x86_64-fedora-gcc, r-devel-windows-x86_64, r-patched-linux-x86_64, r-release-linux-x86_64, r-release-macos-arm64, r-release-macos-x86_64, r-release-windows-x86_64, r-oldrel-macos-arm64, r-oldrel-macos-x86_64, r-oldrel-windows-ix86+x86_64