CRAN Package Check Results for Package CombinS

Last updated on 2022-01-22 03:56:40 CET.

Flavor Version Tinstall Tcheck Ttotal Status Flags
r-devel-linux-x86_64-debian-clang 1.1-1 2.06 33.06 35.12 NOTE
r-devel-linux-x86_64-debian-gcc 1.1-1 2.02 25.45 27.47 NOTE
r-devel-linux-x86_64-fedora-clang 1.1-1 46.03 NOTE
r-devel-linux-x86_64-fedora-gcc 1.1-1 32.66 NOTE
r-devel-windows-x86_64-new-UL 1.1-1 17.00 55.00 72.00 NOTE
r-devel-windows-x86_64-new-TK 1.1-1 NOTE
r-patched-linux-x86_64 1.1-1 2.62 31.27 33.89 NOTE
r-release-linux-x86_64 1.1-1 2.23 31.55 33.78 NOTE
r-release-macos-arm64 1.1-1 NOTE
r-release-macos-x86_64 1.1-1 NOTE
r-release-windows-ix86+x86_64 1.1-1 5.00 41.00 46.00 NOTE
r-oldrel-macos-x86_64 1.1-1 OK
r-oldrel-windows-ix86+x86_64 1.1-1 4.00 41.00 45.00 OK

Check Details

Version: 1.1-1
Check: LazyData
Result: NOTE
     'LazyData' is specified without a 'data' directory
Flavors: r-devel-linux-x86_64-debian-clang, r-devel-linux-x86_64-debian-gcc, r-devel-linux-x86_64-fedora-clang, r-devel-linux-x86_64-fedora-gcc, r-devel-windows-x86_64-new-UL, r-devel-windows-x86_64-new-TK, r-patched-linux-x86_64, r-release-linux-x86_64, r-release-macos-arm64, r-release-macos-x86_64, r-release-windows-ix86+x86_64