CRAN Package Check Results for Package ColorNameR

Last updated on 2022-01-19 04:48:20 CET.

Flavor Version Tinstall Tcheck Ttotal Status Flags
r-devel-linux-x86_64-debian-clang 0.1.0 1.93 42.40 44.33 OK
r-devel-linux-x86_64-debian-gcc 0.1.0 2.16 36.07 38.23 OK
r-devel-linux-x86_64-fedora-clang 0.1.0 57.53 NOTE
r-devel-linux-x86_64-fedora-gcc 0.1.0 44.45 NOTE
r-devel-windows-x86_64-new-UL 0.1.0 27.00 60.00 87.00 OK
r-devel-windows-x86_64-new-TK 0.1.0 NOTE
r-patched-linux-x86_64 0.1.0 2.42 40.69 43.11 OK
r-release-linux-x86_64 0.1.0 OK
r-release-macos-arm64 0.1.0 NOTE
r-release-macos-x86_64 0.1.0 NOTE
r-release-windows-ix86+x86_64 0.1.0 6.00 53.00 59.00 OK
r-oldrel-macos-x86_64 0.1.0 NOTE
r-oldrel-windows-ix86+x86_64 0.1.0 6.00 66.00 72.00 OK

Check Details

Version: 0.1.0
Check: data for non-ASCII characters
Result: NOTE
     Note: found 742 marked UTF-8 strings
Flavors: r-devel-linux-x86_64-fedora-clang, r-devel-linux-x86_64-fedora-gcc, r-devel-windows-x86_64-new-TK, r-release-macos-arm64, r-release-macos-x86_64, r-oldrel-macos-x86_64