CRAN Package Check Results for Package CohensdpLibrary

Last updated on 2024-03-02 02:48:35 CET.

Flavor Version Tinstall Tcheck Ttotal Status Flags
r-devel-linux-x86_64-debian-clang 0.5.10 14.62 34.05 48.67 NOTE
r-devel-linux-x86_64-debian-gcc 0.5.10 9.69 26.36 36.05 NOTE
r-devel-linux-x86_64-fedora-clang 0.5.10 59.99 NOTE
r-devel-linux-x86_64-fedora-gcc 0.5.10 56.12 NOTE
r-devel-windows-x86_64 0.5.10 18.00 52.00 70.00 OK
r-patched-linux-x86_64 0.5.10 12.51 33.17 45.68 OK
r-release-linux-x86_64 0.5.10 9.76 33.55 43.31 OK
r-release-macos-arm64 0.5.10 25.00 OK
r-release-macos-x86_64 0.5.10 37.00 OK
r-release-windows-x86_64 0.5.10 21.00 53.00 74.00 OK
r-oldrel-macos-arm64 0.5.10 28.00 OK
r-oldrel-windows-x86_64 0.5.10 21.00 56.00 77.00 OK

Check Details

Version: 0.5.10
Check: Rd files
Result: NOTE checkRd: (-1) kprime.Rd:36: Lost braces; missing escapes or markup? 36 | kprime is a {p,d,q} set of functions that compute the K-prime distribution. This distribution has many applications, | ^ checkRd: (-1) lsecond.Rd:37: Lost braces; missing escapes or markup? 37 | lsecond are {p,d,q} functions that compute the Lambda-second (L") distribution. This | ^ checkRd: (-1) pilsecond.Rd:39: Lost braces; missing escapes or markup? 39 | pilsecond are {p,d,q} functions that compute the prior-informed Lambda-second (L") distribution. This | ^ Flavors: r-devel-linux-x86_64-debian-clang, r-devel-linux-x86_64-debian-gcc, r-devel-linux-x86_64-fedora-clang, r-devel-linux-x86_64-fedora-gcc