Last updated on 2023-02-08 04:06:57 CET.
Flavor | Version | Tinstall | Tcheck | Ttotal | Status | Flags |
---|---|---|---|---|---|---|
r-devel-linux-x86_64-debian-clang | 0.5.8 | 10.24 | 28.13 | 38.37 | OK | |
r-devel-linux-x86_64-debian-gcc | 0.5.8 | 9.05 | 21.46 | 30.51 | OK | |
r-devel-linux-x86_64-fedora-clang | 0.5.8 | 46.93 | NOTE | |||
r-devel-linux-x86_64-fedora-gcc | 0.5.8 | 48.88 | NOTE | |||
r-devel-windows-x86_64 | 0.5.8 | 61.00 | 60.00 | 121.00 | OK | |
r-patched-linux-x86_64 | 0.5.8 | 10.40 | 27.14 | 37.54 | OK | |
r-release-linux-x86_64 | 0.5.8 | 9.39 | 26.27 | 35.66 | OK | |
r-release-macos-arm64 | 0.5.8 | 21.00 | NOTE | |||
r-release-macos-x86_64 | 0.5.8 | 29.00 | NOTE | |||
r-release-windows-x86_64 | 0.5.8 | 64.00 | 59.00 | 123.00 | OK | |
r-oldrel-macos-arm64 | 0.5.8 | 15.00 | ERROR | |||
r-oldrel-macos-x86_64 | 0.5.8 | 35.00 | NOTE | |||
r-oldrel-windows-ix86+x86_64 | 0.5.8 | 38.00 | 59.00 | 97.00 | OK |
Version: 0.5.8
Check: dependencies in R code
Result: NOTE
Namespace in Imports field not imported from: ‘Rdpack’
All declared Imports should be used.
Flavors: r-devel-linux-x86_64-fedora-clang, r-devel-linux-x86_64-fedora-gcc, r-release-macos-arm64, r-release-macos-x86_64, r-oldrel-macos-x86_64
Version: 0.5.8
Check: whether package can be installed
Result: ERROR
Installation failed.
Flavor: r-oldrel-macos-arm64