CRAN Package Check Results for Package CoSMoS

Last updated on 2022-01-26 03:54:17 CET.

Flavor Version Tinstall Tcheck Ttotal Status Flags
r-devel-linux-x86_64-debian-clang 2.1.0 16.35 555.05 571.40 OK
r-devel-linux-x86_64-debian-gcc 2.1.0 13.34 418.58 431.92 OK
r-devel-linux-x86_64-fedora-clang 2.1.0 647.90 OK
r-devel-linux-x86_64-fedora-gcc 2.1.0 736.18 OK
r-devel-windows-x86_64-new-UL 2.1.0 72.00 542.00 614.00 OK
r-devel-windows-x86_64-new-TK 2.1.0 ERROR
r-patched-linux-x86_64 2.1.0 16.58 522.97 539.55 OK
r-release-linux-x86_64 2.1.0 16.90 512.24 529.14 OK
r-release-macos-arm64 2.1.0 OK
r-release-macos-x86_64 2.1.0 OK
r-release-windows-ix86+x86_64 2.1.0 31.00 561.00 592.00 OK
r-oldrel-macos-x86_64 2.1.0 OK
r-oldrel-windows-ix86+x86_64 2.1.0 31.00 543.00 574.00 OK

Check Details

Version: 2.1.0
Check: package dependencies
Result: ERROR
    Package required but not available: 'nloptr'
    
    See section 'The DESCRIPTION file' in the 'Writing R Extensions'
    manual.
Flavor: r-devel-windows-x86_64-new-TK