CRAN Package Check Results for Package CoOL

Last updated on 2024-07-12 03:55:31 CEST.

Flavor Version Tinstall Tcheck Ttotal Status Flags
r-devel-linux-x86_64-debian-clang 1.1.2 38.01 59.64 97.65 NOTE
r-devel-linux-x86_64-debian-gcc 1.1.2 27.62 44.07 71.69 NOTE
r-devel-linux-x86_64-fedora-clang 1.1.2 136.26 NOTE
r-devel-linux-x86_64-fedora-gcc 1.1.2 130.67 NOTE
r-devel-windows-x86_64 1.1.2 34.00 90.00 124.00 NOTE
r-patched-linux-x86_64 1.1.2 30.36 58.32 88.68 NOTE
r-release-linux-x86_64 1.1.2 28.93 57.16 86.09 NOTE
r-release-macos-arm64 1.1.2 36.00 NOTE
r-release-macos-x86_64 1.1.2 53.00 NOTE
r-release-windows-x86_64 1.1.2 34.00 90.00 124.00 NOTE
r-oldrel-macos-arm64 1.1.2 39.00 NOTE
r-oldrel-macos-x86_64 1.1.2 62.00 NOTE
r-oldrel-windows-x86_64 1.1.2 42.00 104.00 146.00 NOTE

Check Details

Version: 1.1.2
Check: C++ specification
Result: NOTE Specified C++11: please drop specification unless essential Flavors: r-devel-linux-x86_64-debian-clang, r-devel-linux-x86_64-debian-gcc, r-devel-linux-x86_64-fedora-clang, r-devel-linux-x86_64-fedora-gcc, r-devel-windows-x86_64, r-patched-linux-x86_64, r-release-linux-x86_64, r-release-macos-arm64, r-release-macos-x86_64, r-release-windows-x86_64, r-oldrel-macos-arm64, r-oldrel-macos-x86_64, r-oldrel-windows-x86_64