CRAN Package Check Results for Package ClusterStability

Last updated on 2022-01-18 03:52:08 CET.

Flavor Version Tinstall Tcheck Ttotal Status Flags
r-devel-linux-x86_64-debian-clang 1.0.3 23.98 116.69 140.67 OK
r-devel-linux-x86_64-debian-gcc 1.0.3 23.01 86.85 109.86 OK
r-devel-linux-x86_64-fedora-clang 1.0.3 188.01 NOTE
r-devel-linux-x86_64-fedora-gcc 1.0.3 164.99 NOTE
r-devel-windows-x86_64-new-UL 1.0.3 83.00 150.00 233.00 OK
r-devel-windows-x86_64-new-TK 1.0.3 OK
r-patched-linux-x86_64 1.0.3 26.23 108.97 135.20 OK
r-release-linux-x86_64 1.0.3 OK
r-release-macos-arm64 1.0.3 OK
r-release-macos-x86_64 1.0.3 OK
r-release-windows-ix86+x86_64 1.0.3 77.00 188.00 265.00 OK
r-oldrel-macos-x86_64 1.0.3 OK
r-oldrel-windows-ix86+x86_64 1.0.3 76.00 185.00 261.00 OK

Check Details

Version: 1.0.3
Check: compiled code
Result: NOTE
    File ‘ClusterStability/libs/ClusterStability.so’:
     Found no calls to: ‘R_registerRoutines’, ‘R_useDynamicSymbols’
    
    It is good practice to register native routines and to disable symbol
    search.
    
    See ‘Writing portable packages’ in the ‘Writing R Extensions’ manual.
Flavors: r-devel-linux-x86_64-fedora-clang, r-devel-linux-x86_64-fedora-gcc