CRAN Package Check Results for Package ClustGeo

Last updated on 2023-10-01 05:05:38 CEST.

Flavor Version Tinstall Tcheck Ttotal Status Flags
r-devel-linux-x86_64-debian-clang 2.1 2.87 36.52 39.39 OK
r-devel-linux-x86_64-debian-gcc 2.1 2.34 28.30 30.64 OK
r-devel-linux-x86_64-fedora-clang 2.1 47.95 NOTE
r-devel-linux-x86_64-fedora-gcc 2.1 59.33 NOTE
r-devel-windows-x86_64 2.1 4.00 51.00 55.00 OK
r-patched-linux-x86_64 2.1 2.71 34.75 37.46 OK
r-release-linux-x86_64 2.1 2.44 34.97 37.41 OK
r-release-macos-arm64 2.1 27.00 OK
r-release-macos-x86_64 2.1 40.00 OK
r-release-windows-x86_64 2.1 4.00 56.00 60.00 OK
r-oldrel-macos-arm64 2.1 23.00 NOTE
r-oldrel-macos-x86_64 2.1 33.00 NOTE
r-oldrel-windows-x86_64 2.1 5.00 57.00 62.00 OK

Check Details

Version: 2.1
Check: dependencies in R code
Result: NOTE
    Namespaces in Imports field not imported from:
     ‘sp’ ‘spdep’
     All declared Imports should be used.
Flavors: r-devel-linux-x86_64-fedora-clang, r-devel-linux-x86_64-fedora-gcc, r-oldrel-macos-arm64, r-oldrel-macos-x86_64