CRAN Package Check Results for Package ClustGeo

Last updated on 2022-09-25 03:54:27 CEST.

Flavor Version Tinstall Tcheck Ttotal Status Flags
r-devel-linux-x86_64-debian-clang 2.1 2.43 38.04 40.47 OK
r-devel-linux-x86_64-debian-gcc 2.1 2.38 29.31 31.69 OK
r-devel-linux-x86_64-fedora-clang 2.1 59.87 NOTE
r-devel-linux-x86_64-fedora-gcc 2.1 58.34 NOTE
r-devel-windows-x86_64 2.1 19.00 67.00 86.00 OK
r-patched-linux-x86_64 2.1 2.37 37.24 39.61 OK
r-release-linux-x86_64 2.1 2.35 35.98 38.33 OK
r-release-macos-arm64 2.1 23.00 NOTE
r-release-macos-x86_64 2.1 33.00 NOTE
r-release-windows-x86_64 2.1 14.00 70.00 84.00 OK
r-oldrel-macos-arm64 2.1 24.00 NOTE
r-oldrel-macos-x86_64 2.1 32.00 NOTE
r-oldrel-windows-ix86+x86_64 2.1 9.00 64.00 73.00 OK

Check Details

Version: 2.1
Check: dependencies in R code
Result: NOTE
    Namespaces in Imports field not imported from:
     ‘sp’ ‘spdep’
     All declared Imports should be used.
Flavors: r-devel-linux-x86_64-fedora-clang, r-devel-linux-x86_64-fedora-gcc, r-release-macos-arm64, r-release-macos-x86_64, r-oldrel-macos-arm64, r-oldrel-macos-x86_64