CRAN Package Check Results for Package ClimProjDiags

Last updated on 2021-12-05 03:59:22 CET.

Flavor Version Tinstall Tcheck Ttotal Status Flags
r-devel-linux-x86_64-debian-clang 0.1.3 5.06 42.29 47.35 OK
r-devel-linux-x86_64-debian-gcc 0.1.3 3.35 39.68 43.03 OK
r-devel-linux-x86_64-fedora-clang 0.1.3 69.87 NOTE
r-devel-linux-x86_64-fedora-gcc 0.1.3 61.74 OK
r-devel-windows-x86_64-new-UL 0.1.3 14.00 90.00 104.00 OK
r-devel-windows-x86_64-new-TK 0.1.3 OK
r-devel-windows-x86_64-old 0.1.3 10.00 55.00 65.00 OK
r-patched-linux-x86_64 0.1.3 5.02 42.35 47.37 OK
r-release-linux-x86_64 0.1.3 5.64 42.11 47.75 OK
r-release-macos-arm64 0.1.3 OK
r-release-macos-x86_64 0.1.3 OK
r-release-windows-ix86+x86_64 0.1.3 12.00 65.00 77.00 OK
r-oldrel-macos-x86_64 0.1.3 OK
r-oldrel-windows-ix86+x86_64 0.1.3 12.00 67.00 79.00 OK

Check Details

Version: 0.1.3
Check: Rd cross-references
Result: NOTE
    Undeclared package ‘s2dv’ in Rd xrefs
Flavor: r-devel-linux-x86_64-fedora-clang