CRAN Package Check Results for Package CVD

Last updated on 2023-06-07 04:03:57 CEST.

Flavor Version Tinstall Tcheck Ttotal Status Flags
r-devel-linux-x86_64-debian-clang 1.0.2 4.97 36.30 41.27 NOTE
r-devel-linux-x86_64-debian-gcc 1.0.2 4.69 28.77 33.46 NOTE
r-devel-linux-x86_64-fedora-clang 1.0.2 53.67 NOTE
r-devel-linux-x86_64-fedora-gcc 1.0.2 50.62 NOTE
r-devel-windows-x86_64 1.0.2 7.00 59.00 66.00 NOTE
r-patched-linux-x86_64 1.0.2 6.25 35.78 42.03 NOTE
r-release-linux-x86_64 1.0.2 5.41 35.52 40.93 NOTE
r-release-macos-arm64 1.0.2 22.00 NOTE
r-release-macos-x86_64 1.0.2 29.00 NOTE
r-release-windows-x86_64 1.0.2 8.00 70.00 78.00 OK
r-oldrel-macos-arm64 1.0.2 23.00 NOTE
r-oldrel-macos-x86_64 1.0.2 26.00 NOTE
r-oldrel-windows-x86_64 1.0.2 25.00 62.00 87.00 OK

Check Details

Version: 1.0.2
Check: package dependencies
Result: NOTE
    Package which this enhances but not available for checking: ‘RGtk2’
Flavors: r-devel-linux-x86_64-debian-clang, r-devel-linux-x86_64-debian-gcc, r-devel-linux-x86_64-fedora-clang, r-devel-linux-x86_64-fedora-gcc, r-devel-windows-x86_64, r-patched-linux-x86_64, r-release-linux-x86_64, r-release-macos-arm64, r-release-macos-x86_64, r-oldrel-macos-arm64, r-oldrel-macos-x86_64