CRAN Package Check Results for Package CSIndicators

Last updated on 2022-01-22 03:56:41 CET.

Flavor Version Tinstall Tcheck Ttotal Status Flags
r-devel-linux-x86_64-debian-clang 0.0.1 4.23 147.03 151.26 OK
r-devel-linux-x86_64-debian-gcc 0.0.1 4.29 111.33 115.62 OK
r-devel-linux-x86_64-fedora-clang 0.0.1 190.05 OK
r-devel-linux-x86_64-fedora-gcc 0.0.1 168.49 OK
r-devel-windows-x86_64-new-UL 0.0.1 78.00 177.00 255.00 OK
r-devel-windows-x86_64-new-TK 0.0.1 OK
r-patched-linux-x86_64 0.0.1 4.32 140.72 145.04 OK
r-release-linux-x86_64 0.0.1 5.25 141.30 146.55 OK
r-release-macos-arm64 0.0.1 OK
r-release-macos-x86_64 0.0.1 ERROR
r-release-windows-ix86+x86_64 0.0.1 11.00 185.00 196.00 OK
r-oldrel-macos-x86_64 0.0.1 ERROR
r-oldrel-windows-ix86+x86_64 0.0.1 13.00 176.00 189.00 OK

Check Details

Version: 0.0.1
Check: tests
Result: ERROR
     Running ‘testthat.R’ [27s/32s]
    Running the tests in ‘tests/testthat.R’ failed.
    Last 13 lines of output:
     SelectPeriodOnDates(...) not equal to `output5`.
     Lengths differ: 92 is not 300
     ── Error (test-SelectPeriod.R:124:3): Decadal ──────────────────────────────────
     Error: Found one or more margin dimensions with the same name and different length in some of the input objects in 'data'.
     Backtrace:
     █
     1. ├─testthat::expect_equal(...) test-SelectPeriod.R:124:2
     2. │ └─testthat::quasi_label(enquo(object), label, arg = "object")
     3. │ └─rlang::eval_bare(expr, quo_get_env(quo))
     4. └─CSIndicators::SelectPeriodOnData(...)
     5. └─multiApply::Apply(...)
    
     [ FAIL 2 | WARN 28 | SKIP 0 | PASS 144 ]
     Error: Test failures
     Execution halted
Flavor: r-release-macos-x86_64

Version: 0.0.1
Check: tests
Result: ERROR
     Running ‘testthat.R’ [24s/24s]
    Running the tests in ‘tests/testthat.R’ failed.
    Last 13 lines of output:
     dim(result) <- length(result)
     names(dim(result)) <- names(dim(x))
     return(result)
     }, output_dims = time_dim, ncores = ncores)`: Found one or more margin dimensions with the same name and different length in some of the input objects in 'data'.
     Backtrace:
     █
     1. ├─testthat::expect_equal(...) test-SelectPeriod.R:124:2
     2. │ └─testthat::quasi_label(enquo(object), label, arg = "object")
     3. │ └─rlang::eval_bare(expr, quo_get_env(quo))
     4. └─CSIndicators::SelectPeriodOnData(...)
     5. └─multiApply::Apply(...)
    
     [ FAIL 2 | WARN 36 | SKIP 0 | PASS 144 ]
     Error: Test failures
     Execution halted
Flavor: r-oldrel-macos-x86_64